Last updated on 2025-05-10 14:52:34 CEST.
Flavor | Version | Tinstall | Tcheck | Ttotal | Status | Flags |
---|---|---|---|---|---|---|
r-devel-linux-x86_64-debian-clang | 1.0.2 | 19.34 | 118.28 | 137.62 | NOTE | |
r-devel-linux-x86_64-debian-gcc | 1.0.2 | 14.75 | 86.73 | 101.48 | NOTE | |
r-devel-linux-x86_64-fedora-clang | 1.0.2 | 231.31 | OK | |||
r-devel-linux-x86_64-fedora-gcc | 1.0.3 | 223.40 | OK | |||
r-devel-windows-x86_64 | 1.0.2 | 15.00 | 358.00 | 373.00 | OK | |
r-patched-linux-x86_64 | 1.0.2 | 18.17 | 111.81 | 129.98 | OK | |
r-release-linux-x86_64 | 1.0.2 | 17.29 | 113.05 | 130.34 | OK | |
r-release-macos-arm64 | 1.0.3 | 84.00 | OK | |||
r-release-macos-x86_64 | 1.0.3 | 138.00 | OK | |||
r-release-windows-x86_64 | 1.0.3 | 20.00 | 126.00 | 146.00 | OK | |
r-oldrel-macos-arm64 | 1.0.3 | 97.00 | OK | |||
r-oldrel-macos-x86_64 | 1.0.3 | 140.00 | OK | |||
r-oldrel-windows-x86_64 | 1.0.2 | 19.00 | 130.00 | 149.00 | OK |
Version: 1.0.2
Check: CRAN incoming feasibility
Result: NOTE
Maintainer: ‘Gabriel Henrique Oliveira Assuncao <gabrielhenryoliver@hotmail.com>’
No Authors@R field in DESCRIPTION.
Please add one, modifying
Authors@R: person(given = c("Gabriel", "Henrique", "Oliveira"),
family = "Assuncao",
role = c("aut", "cre"),
email = "gabrielhenryoliver@hotmail.com")
as necessary.
Flavors: r-devel-linux-x86_64-debian-clang, r-devel-linux-x86_64-debian-gcc