Last updated on 2024-05-21 14:57:27 CEST.
Flavor | Version | Tinstall | Tcheck | Ttotal | Status | Flags |
---|---|---|---|---|---|---|
r-devel-linux-x86_64-debian-clang | 2.1.2 | 26.81 | 103.23 | 130.04 | NOTE | |
r-devel-linux-x86_64-debian-gcc | 2.1.2 | 18.67 | 73.32 | 91.99 | NOTE | |
r-devel-linux-x86_64-fedora-clang | 2.1.2 | 164.72 | NOTE | |||
r-devel-linux-x86_64-fedora-gcc | 2.1.2 | 173.41 | NOTE | |||
r-devel-windows-x86_64 | 2.1.2 | 23.00 | 178.00 | 201.00 | NOTE | |
r-patched-linux-x86_64 | 2.1.2 | 30.04 | 97.12 | 127.16 | NOTE | |
r-release-linux-x86_64 | 2.1.2 | 25.05 | 94.32 | 119.37 | NOTE | |
r-release-macos-arm64 | 2.1.2 | 45.00 | NOTE | |||
r-release-windows-x86_64 | 2.1.2 | 23.00 | 119.00 | 142.00 | NOTE | |
r-oldrel-macos-arm64 | 2.1.2 | 54.00 | OK | |||
r-oldrel-macos-x86_64 | 2.1.2 | 78.00 | OK | |||
r-oldrel-windows-x86_64 | 2.1.2 | 30.00 | 136.00 | 166.00 | OK |
Version: 2.1.2
Check: Rd files
Result: NOTE
checkRd: (-1) tess.plot.multichain.diagnostics.Rd:45: Lost braces in \itemize; meant \describe ?
checkRd: (-1) tess.plot.multichain.diagnostics.Rd:46: Lost braces in \itemize; meant \describe ?
checkRd: (-1) tess.plot.multichain.diagnostics.Rd:47: Lost braces in \itemize; meant \describe ?
checkRd: (-1) tess.plot.multichain.diagnostics.Rd:48: Lost braces in \itemize; meant \describe ?
checkRd: (-1) tess.plot.multichain.diagnostics.Rd:49: Lost braces in \itemize; meant \describe ?
checkRd: (-1) tess.plot.multichain.diagnostics.Rd:50: Lost braces in \itemize; meant \describe ?
checkRd: (-1) tess.plot.multichain.diagnostics.Rd:51: Lost braces in \itemize; meant \describe ?
checkRd: (-1) tess.plot.output.Rd:47: Lost braces in \itemize; meant \describe ?
checkRd: (-1) tess.plot.output.Rd:48: Lost braces in \itemize; meant \describe ?
checkRd: (-1) tess.plot.output.Rd:49: Lost braces in \itemize; meant \describe ?
checkRd: (-1) tess.plot.output.Rd:50: Lost braces in \itemize; meant \describe ?
checkRd: (-1) tess.plot.output.Rd:51: Lost braces in \itemize; meant \describe ?
checkRd: (-1) tess.plot.output.Rd:52: Lost braces in \itemize; meant \describe ?
checkRd: (-1) tess.plot.output.Rd:53: Lost braces in \itemize; meant \describe ?
checkRd: (-1) tess.plot.output.Rd:54: Lost braces in \itemize; meant \describe ?
checkRd: (-1) tess.plot.output.Rd:55: Lost braces in \itemize; meant \describe ?
checkRd: (-1) tess.plot.output.Rd:56: Lost braces in \itemize; meant \describe ?
checkRd: (-1) tess.plot.singlechain.diagnostics.Rd:49: Lost braces in \itemize; meant \describe ?
checkRd: (-1) tess.plot.singlechain.diagnostics.Rd:50: Lost braces in \itemize; meant \describe ?
checkRd: (-1) tess.plot.singlechain.diagnostics.Rd:51: Lost braces in \itemize; meant \describe ?
checkRd: (-1) tess.plot.singlechain.diagnostics.Rd:52: Lost braces in \itemize; meant \describe ?
checkRd: (-1) tess.plot.singlechain.diagnostics.Rd:53: Lost braces in \itemize; meant \describe ?
checkRd: (-1) tess.plot.singlechain.diagnostics.Rd:54: Lost braces in \itemize; meant \describe ?
checkRd: (-1) tess.plot.singlechain.diagnostics.Rd:55: Lost braces in \itemize; meant \describe ?
Flavors: r-devel-linux-x86_64-debian-clang, r-devel-linux-x86_64-debian-gcc, r-devel-linux-x86_64-fedora-clang, r-devel-linux-x86_64-fedora-gcc, r-devel-windows-x86_64, r-patched-linux-x86_64, r-release-linux-x86_64, r-release-macos-arm64, r-release-windows-x86_64