Last updated on 2025-02-20 14:51:11 CET.
Flavor | Version | Tinstall | Tcheck | Ttotal | Status | Flags |
---|---|---|---|---|---|---|
r-devel-linux-x86_64-debian-clang | 0.1.0 | 16.07 | 25.16 | 41.23 | OK | |
r-devel-linux-x86_64-debian-gcc | 0.1.0 | 12.32 | 20.41 | 32.73 | OK | |
r-devel-linux-x86_64-fedora-clang | 0.1.0 | 77.25 | OK | |||
r-devel-linux-x86_64-fedora-gcc | 0.1.0 | 70.99 | OK | |||
r-devel-macos-arm64 | 0.1.0 | 24.00 | OK | |||
r-devel-macos-x86_64 | 0.1.0 | 43.00 | OK | |||
r-devel-windows-x86_64 | 0.1.0 | 21.00 | 71.00 | 92.00 | OK | |
r-patched-linux-x86_64 | 0.1.0 | 16.79 | 24.28 | 41.07 | OK | |
r-release-linux-x86_64 | 0.1.0 | 18.26 | 24.56 | 42.82 | OK | |
r-release-macos-arm64 | 0.1.0 | 21.00 | OK | |||
r-release-macos-x86_64 | 0.1.0 | 30.00 | OK | |||
r-release-windows-x86_64 | 0.1.0 | 20.00 | 3.00 | 23.00 | FAIL | |
r-oldrel-macos-arm64 | 0.1.0 | 36.00 | OK | |||
r-oldrel-macos-x86_64 | 0.1.0 | 64.00 | OK | |||
r-oldrel-windows-x86_64 | 0.1.0 | 26.00 | 77.00 | 103.00 | OK |
Version: 0.1.0
Check: package dependencies
Result: FAIL
Flavor: r-release-windows-x86_64