CRAN Package Check Results for Package TRES

Last updated on 2025-02-20 14:51:12 CET.

Flavor Version Tinstall Tcheck Ttotal Status Flags
r-devel-linux-x86_64-debian-clang 1.1.5 6.98 81.63 88.61 OK
r-devel-linux-x86_64-debian-gcc 1.1.5 4.62 56.52 61.14 OK
r-devel-linux-x86_64-fedora-clang 1.1.5 141.87 OK
r-devel-linux-x86_64-fedora-gcc 1.1.5 137.77 OK
r-devel-macos-arm64 1.1.5 47.00 OK
r-devel-macos-x86_64 1.1.5 96.00 OK
r-devel-windows-x86_64 1.1.5 8.00 102.00 110.00 OK
r-patched-linux-x86_64 1.1.5 7.53 79.44 86.97 OK
r-release-linux-x86_64 1.1.5 6.25 80.08 86.33 OK
r-release-macos-arm64 1.1.5 45.00 OK
r-release-macos-x86_64 1.1.5 83.00 OK
r-release-windows-x86_64 1.1.5 8.00 3.00 11.00 FAIL
r-oldrel-macos-arm64 1.1.5 51.00 OK
r-oldrel-macos-x86_64 1.1.5 84.00 OK
r-oldrel-windows-x86_64 1.1.5 9.00 119.00 128.00 OK

Check Details

Version: 1.1.5
Check: package dependencies
Result: FAIL
Flavor: r-release-windows-x86_64