Last updated on 2025-02-21 02:52:28 CET.
Flavor | Version | Tinstall | Tcheck | Ttotal | Status | Flags |
---|---|---|---|---|---|---|
r-devel-linux-x86_64-debian-clang | 0.1.1 | 7.44 | 59.76 | 67.20 | OK | |
r-devel-linux-x86_64-debian-gcc | 0.1.1 | 5.67 | 45.47 | 51.14 | OK | |
r-devel-linux-x86_64-fedora-clang | 0.1.1 | 117.10 | OK | |||
r-devel-linux-x86_64-fedora-gcc | 0.1.1 | 113.28 | OK | |||
r-devel-macos-arm64 | 0.1.1 | 39.00 | OK | |||
r-devel-macos-x86_64 | 0.1.1 | 78.00 | OK | |||
r-devel-windows-x86_64 | 0.1.1 | 10.00 | 261.00 | 271.00 | OK | |
r-patched-linux-x86_64 | 0.1.1 | 8.10 | 55.04 | 63.14 | NOTE | |
r-release-linux-x86_64 | 0.1.1 | 7.57 | 55.89 | 63.46 | NOTE | |
r-release-macos-arm64 | 0.1.1 | 36.00 | NOTE | |||
r-release-macos-x86_64 | 0.1.1 | 59.00 | NOTE | |||
r-release-windows-x86_64 | 0.1.1 | 10.00 | 218.00 | 228.00 | NOTE | |
r-oldrel-macos-arm64 | 0.1.1 | 35.00 | NOTE | |||
r-oldrel-macos-x86_64 | 0.1.1 | 52.00 | NOTE | |||
r-oldrel-windows-x86_64 | 0.1.1 | 13.00 | 214.00 | 227.00 | NOTE |
Version: 0.1.1
Check: LazyData
Result: NOTE
'LazyData' is specified without a 'data' directory
Flavors: r-patched-linux-x86_64, r-release-linux-x86_64, r-release-macos-arm64, r-release-macos-x86_64, r-release-windows-x86_64, r-oldrel-macos-arm64, r-oldrel-macos-x86_64, r-oldrel-windows-x86_64