Last updated on 2025-02-21 02:52:28 CET.
Flavor | Version | Tinstall | Tcheck | Ttotal | Status | Flags |
---|---|---|---|---|---|---|
r-devel-linux-x86_64-debian-clang | 2.0 | 56.79 | 45.83 | 102.62 | OK | |
r-devel-linux-x86_64-debian-gcc | 2.0 | 42.29 | 39.60 | 81.89 | OK | |
r-devel-linux-x86_64-fedora-clang | 2.0 | 190.64 | OK | |||
r-devel-linux-x86_64-fedora-gcc | 2.0 | 179.34 | OK | |||
r-devel-macos-arm64 | 2.0 | 45.00 | OK | |||
r-devel-macos-x86_64 | 2.0 | 72.00 | OK | |||
r-devel-windows-x86_64 | 2.0 | 60.00 | 82.00 | 142.00 | OK | |
r-patched-linux-x86_64 | 2.0 | 56.88 | 50.17 | 107.05 | OK | |
r-release-linux-x86_64 | 2.0 | 59.74 | 50.16 | 109.90 | OK | |
r-release-macos-arm64 | 2.0 | 46.00 | NOTE | |||
r-release-macos-x86_64 | 2.0 | 56.00 | NOTE | |||
r-release-windows-x86_64 | 2.0 | 58.00 | 83.00 | 141.00 | OK | |
r-oldrel-macos-arm64 | 2.0 | 50.00 | NOTE | |||
r-oldrel-macos-x86_64 | 2.0 | 78.00 | NOTE | |||
r-oldrel-windows-x86_64 | 2.0 | 68.00 | 302.00 | 370.00 | OK |
Version: 2.0
Check: installed package size
Result: NOTE
installed size is 16.8Mb
sub-directories of 1Mb or more:
data 1.2Mb
libs 15.4Mb
Flavors: r-release-macos-arm64, r-release-macos-x86_64, r-oldrel-macos-arm64, r-oldrel-macos-x86_64