Last updated on 2025-02-21 02:52:28 CET.
Flavor | Version | Tinstall | Tcheck | Ttotal | Status | Flags |
---|---|---|---|---|---|---|
r-devel-linux-x86_64-debian-clang | 0.1 | 6.18 | 69.69 | 75.87 | OK | |
r-devel-linux-x86_64-debian-gcc | 0.1 | 5.12 | 49.78 | 54.90 | OK | |
r-devel-linux-x86_64-fedora-clang | 0.1 | 125.45 | OK | |||
r-devel-linux-x86_64-fedora-gcc | 0.1 | 116.61 | OK | |||
r-devel-macos-arm64 | 0.1 | 38.00 | OK | |||
r-devel-macos-x86_64 | 0.1 | 74.00 | OK | |||
r-devel-windows-x86_64 | 0.1 | 7.00 | 86.00 | 93.00 | OK | |
r-patched-linux-x86_64 | 0.1 | 5.93 | 65.75 | 71.68 | NOTE | |
r-release-linux-x86_64 | 0.1 | 6.68 | 67.62 | 74.30 | NOTE | |
r-release-macos-arm64 | 0.1 | 35.00 | NOTE | |||
r-release-macos-x86_64 | 0.1 | 60.00 | NOTE | |||
r-release-windows-x86_64 | 0.1 | 8.00 | 156.00 | 164.00 | NOTE | |
r-oldrel-macos-arm64 | 0.1 | 40.00 | NOTE | |||
r-oldrel-macos-x86_64 | 0.1 | 65.00 | NOTE | |||
r-oldrel-windows-x86_64 | 0.1 | 10.00 | 184.00 | 194.00 | NOTE |
Version: 0.1
Check: LazyData
Result: NOTE
'LazyData' is specified without a 'data' directory
Flavors: r-patched-linux-x86_64, r-release-linux-x86_64, r-release-macos-arm64, r-release-macos-x86_64, r-release-windows-x86_64, r-oldrel-macos-arm64, r-oldrel-macos-x86_64, r-oldrel-windows-x86_64