CRAN Package Check Results for Package TSeriesMMA

Last updated on 2025-02-18 02:50:52 CET.

Flavor Version Tinstall Tcheck Ttotal Status Flags
r-devel-linux-x86_64-debian-clang 0.1.1 1.40 15.90 17.30 OK
r-devel-linux-x86_64-debian-gcc 0.1.1 1.35 13.17 14.52 OK
r-devel-linux-x86_64-fedora-clang 0.1.1 29.80 OK
r-devel-linux-x86_64-fedora-gcc 0.1.1 26.76 OK
r-devel-macos-arm64 0.1.1 15.00 OK
r-devel-macos-x86_64 0.1.1 20.00 OK
r-devel-windows-x86_64 0.1.1 3.00 35.00 38.00 OK
r-patched-linux-x86_64 0.1.1 1.70 15.16 16.86 NOTE
r-release-linux-x86_64 0.1.1 1.53 15.18 16.71 NOTE
r-release-macos-arm64 0.1.1 13.00 NOTE
r-release-macos-x86_64 0.1.1 18.00 NOTE
r-release-windows-x86_64 0.1.1 2.00 36.00 38.00 NOTE
r-oldrel-macos-arm64 0.1.1 14.00 NOTE
r-oldrel-macos-x86_64 0.1.1 16.00 NOTE
r-oldrel-windows-x86_64 0.1.1 2.00 34.00 36.00 NOTE

Check Details

Version: 0.1.1
Check: LazyData
Result: NOTE 'LazyData' is specified without a 'data' directory Flavors: r-patched-linux-x86_64, r-release-linux-x86_64, r-release-macos-arm64, r-release-macos-x86_64, r-release-windows-x86_64, r-oldrel-macos-arm64, r-oldrel-macos-x86_64, r-oldrel-windows-x86_64