Last updated on 2025-02-20 14:51:12 CET.
Flavor | Version | Tinstall | Tcheck | Ttotal | Status | Flags |
---|---|---|---|---|---|---|
r-devel-linux-x86_64-debian-clang | 0.1.0 | 9.06 | 72.48 | 81.54 | OK | |
r-devel-linux-x86_64-debian-gcc | 0.1.0 | 6.27 | 51.07 | 57.34 | OK | |
r-devel-linux-x86_64-fedora-clang | 0.1.0 | 131.43 | OK | |||
r-devel-linux-x86_64-fedora-gcc | 0.1.0 | 118.60 | OK | |||
r-devel-macos-arm64 | 0.1.0 | 36.00 | OK | |||
r-devel-macos-x86_64 | 0.1.0 | 91.00 | OK | |||
r-devel-windows-x86_64 | 0.1.0 | 10.00 | 79.00 | 89.00 | OK | |
r-patched-linux-x86_64 | 0.1.0 | 9.08 | 66.00 | 75.08 | OK | |
r-release-linux-x86_64 | 0.1.0 | 7.22 | 66.23 | 73.45 | OK | |
r-release-macos-arm64 | 0.1.0 | 35.00 | OK | |||
r-release-macos-x86_64 | 0.1.0 | 54.00 | OK | |||
r-release-windows-x86_64 | 0.1.0 | 10.00 | 3.00 | 13.00 | FAIL | |
r-oldrel-macos-arm64 | 0.1.0 | 39.00 | OK | |||
r-oldrel-macos-x86_64 | 0.1.0 | 63.00 | OK | |||
r-oldrel-windows-x86_64 | 0.1.0 | 13.00 | 234.00 | 247.00 | OK |
Version: 0.1.0
Check: package dependencies
Result: FAIL
Flavor: r-release-windows-x86_64