Last updated on 2024-05-09 14:50:15 CEST.
Flavor | Version | Tinstall | Tcheck | Ttotal | Status | Flags |
---|---|---|---|---|---|---|
r-devel-linux-x86_64-debian-clang | 2.13 | 14.31 | 104.69 | 119.00 | NOTE | |
r-devel-linux-x86_64-debian-gcc | 2.13 | 12.33 | 74.98 | 87.31 | NOTE | |
r-devel-linux-x86_64-fedora-clang | 2.13 | 146.11 | NOTE | |||
r-devel-linux-x86_64-fedora-gcc | 2.13 | 142.65 | NOTE | |||
r-devel-windows-x86_64 | 2.13 | 13.00 | 112.00 | 125.00 | OK | |
r-patched-linux-x86_64 | 2.13 | 14.59 | 98.30 | 112.89 | NOTE | |
r-release-linux-x86_64 | 2.13 | 13.90 | 101.22 | 115.12 | NOTE | |
r-release-macos-arm64 | 2.13 | 39.00 | NOTE | |||
r-release-macos-x86_64 | 2.13 | 134.00 | NOTE | |||
r-release-windows-x86_64 | 2.13 | 12.00 | 289.00 | 301.00 | OK | |
r-oldrel-macos-arm64 | 2.13 | 45.00 | NOTE | |||
r-oldrel-macos-x86_64 | 2.13 | 136.00 | NOTE | |||
r-oldrel-windows-x86_64 | 2.13 | 13.00 | 258.00 | 271.00 | OK |
Version: 2.13
Check: package dependencies
Result: NOTE
Package which this enhances but not available for checking: ‘R2wd’
Flavors: r-devel-linux-x86_64-debian-clang, r-devel-linux-x86_64-debian-gcc, r-devel-linux-x86_64-fedora-clang, r-devel-linux-x86_64-fedora-gcc, r-patched-linux-x86_64, r-release-linux-x86_64, r-release-macos-arm64, r-release-macos-x86_64, r-oldrel-macos-arm64, r-oldrel-macos-x86_64