Last updated on 2025-02-18 02:50:51 CET.
Flavor | Version | Tinstall | Tcheck | Ttotal | Status | Flags |
---|---|---|---|---|---|---|
r-devel-linux-x86_64-debian-clang | 2.0.4 | 3.76 | 143.27 | 147.03 | NOTE | |
r-devel-linux-x86_64-debian-gcc | 2.0.4 | 3.56 | 99.81 | 103.37 | NOTE | |
r-devel-linux-x86_64-fedora-clang | 2.0.4 | 246.70 | NOTE | |||
r-devel-linux-x86_64-fedora-gcc | 2.0.4 | 235.60 | NOTE | |||
r-devel-macos-arm64 | 2.0.4 | 80.00 | NOTE | |||
r-devel-macos-x86_64 | 2.0.4 | 162.00 | NOTE | |||
r-devel-windows-x86_64 | 2.0.4 | 5.00 | 272.00 | 277.00 | NOTE | |
r-patched-linux-x86_64 | 2.0.4 | 2.88 | 131.66 | 134.54 | NOTE | |
r-release-linux-x86_64 | 2.0.4 | 3.73 | 132.85 | 136.58 | NOTE | |
r-release-macos-arm64 | 2.0.4 | 72.00 | NOTE | |||
r-release-macos-x86_64 | 2.0.4 | 158.00 | NOTE | |||
r-release-windows-x86_64 | 2.0.4 | 6.00 | 156.00 | 162.00 | NOTE | |
r-oldrel-macos-arm64 | 2.0.4 | 85.00 | OK | |||
r-oldrel-macos-x86_64 | 2.0.4 | 149.00 | OK | |||
r-oldrel-windows-x86_64 | 2.0.4 | 6.00 | 176.00 | 182.00 | OK |
Version: 2.0.4
Check: Rd files
Result: NOTE
checkRd: (-1) Tendril.Rd:53: Lost braces in \itemize; \value handles \item{}{} directly
checkRd: (-1) Tendril.Rd:54: Lost braces in \itemize; \value handles \item{}{} directly
checkRd: (-1) Tendril.Rd:55: Lost braces in \itemize; \value handles \item{}{} directly
checkRd: (-1) Tendril.Rd:56: Lost braces in \itemize; \value handles \item{}{} directly
checkRd: (-1) Tendril.Rd:57: Lost braces in \itemize; \value handles \item{}{} directly
checkRd: (-1) Tendril.Rd:58: Lost braces in \itemize; \value handles \item{}{} directly
checkRd: (-1) Tendril.Rd:59: Lost braces in \itemize; \value handles \item{}{} directly
checkRd: (-1) Tendril.Rd:60: Lost braces in \itemize; \value handles \item{}{} directly
checkRd: (-1) Tendril.Rd:61: Lost braces in \itemize; \value handles \item{}{} directly
checkRd: (-1) Tendril.Rd:62: Lost braces in \itemize; \value handles \item{}{} directly
checkRd: (-1) Tendril.Rd:63: Lost braces in \itemize; \value handles \item{}{} directly
checkRd: (-1) Tendril.Rd:64: Lost braces in \itemize; \value handles \item{}{} directly
checkRd: (-1) Tendril.Rd:65: Lost braces in \itemize; \value handles \item{}{} directly
checkRd: (-1) Tendril.Rd:66: Lost braces in \itemize; \value handles \item{}{} directly
checkRd: (-1) Tendril.Rd:67: Lost braces in \itemize; \value handles \item{}{} directly
Flavors: r-devel-linux-x86_64-debian-clang, r-devel-linux-x86_64-debian-gcc, r-devel-linux-x86_64-fedora-clang, r-devel-linux-x86_64-fedora-gcc, r-devel-macos-arm64, r-devel-macos-x86_64, r-devel-windows-x86_64, r-patched-linux-x86_64, r-release-linux-x86_64, r-release-macos-arm64, r-release-macos-x86_64, r-release-windows-x86_64
Version: 2.0.4
Check: dependencies in R code
Result: NOTE
Namespace in Imports field not imported from: ‘graphics’
All declared Imports should be used.
Flavors: r-devel-linux-x86_64-fedora-clang, r-devel-linux-x86_64-fedora-gcc