Last updated on 2025-02-20 14:51:11 CET.
Flavor | Version | Tinstall | Tcheck | Ttotal | Status | Flags |
---|---|---|---|---|---|---|
r-devel-linux-x86_64-debian-clang | 2.3 | 11.76 | 96.77 | 108.53 | OK | |
r-devel-linux-x86_64-debian-gcc | 2.3 | 7.62 | 68.15 | 75.77 | OK | |
r-devel-linux-x86_64-fedora-clang | 2.3 | 166.80 | OK | |||
r-devel-linux-x86_64-fedora-gcc | 2.3 | 156.65 | OK | |||
r-devel-macos-arm64 | 2.3 | 40.00 | OK | |||
r-devel-macos-x86_64 | 2.3 | 86.00 | OK | |||
r-devel-windows-x86_64 | 2.3 | 13.00 | 101.00 | 114.00 | OK | |
r-patched-linux-x86_64 | 2.3 | 11.75 | 88.61 | 100.36 | OK | |
r-release-linux-x86_64 | 2.3 | 11.36 | 89.92 | 101.28 | OK | |
r-release-macos-arm64 | 2.3 | 48.00 | OK | |||
r-release-macos-x86_64 | 2.3 | 70.00 | OK | |||
r-release-windows-x86_64 | 2.3 | 12.00 | 3.00 | 15.00 | FAIL | |
r-oldrel-macos-arm64 | 2.3 | 29.00 | OK | |||
r-oldrel-macos-x86_64 | 2.3 | 56.00 | OK | |||
r-oldrel-windows-x86_64 | 2.3 | 17.00 | 170.00 | 187.00 | OK |
Version: 2.3
Check: package dependencies
Result: FAIL
Flavor: r-release-windows-x86_64