Last updated on 2025-02-20 14:51:12 CET.
Flavor | Version | Tinstall | Tcheck | Ttotal | Status | Flags |
---|---|---|---|---|---|---|
r-devel-linux-x86_64-debian-clang | 1.0.1 | 4.47 | 37.39 | 41.86 | OK | |
r-devel-linux-x86_64-debian-gcc | 1.0.1 | 2.98 | 27.26 | 30.24 | OK | |
r-devel-linux-x86_64-fedora-clang | 1.0.1 | 65.80 | OK | |||
r-devel-linux-x86_64-fedora-gcc | 1.0.1 | 60.26 | OK | |||
r-devel-macos-arm64 | 1.0.1 | 23.00 | OK | |||
r-devel-macos-x86_64 | 1.0.1 | 42.00 | OK | |||
r-devel-windows-x86_64 | 1.0.1 | 6.00 | 62.00 | 68.00 | OK | |
r-patched-linux-x86_64 | 1.0.1 | 4.24 | 34.63 | 38.87 | OK | |
r-release-linux-x86_64 | 1.0.1 | 4.19 | 34.65 | 38.84 | OK | |
r-release-macos-arm64 | 1.0.1 | 24.00 | OK | |||
r-release-macos-x86_64 | 1.0.1 | 33.00 | OK | |||
r-release-windows-x86_64 | 1.0.1 | 6.00 | 3.00 | 9.00 | FAIL | |
r-oldrel-macos-arm64 | 1.0.1 | 26.00 | OK | |||
r-oldrel-macos-x86_64 | 1.0.1 | 46.00 | OK | |||
r-oldrel-windows-x86_64 | 1.0.1 | 7.00 | 74.00 | 81.00 | OK |
Version: 1.0.1
Check: package dependencies
Result: FAIL
Flavor: r-release-windows-x86_64