Last updated on 2025-02-21 02:52:28 CET.
Flavor | Version | Tinstall | Tcheck | Ttotal | Status | Flags |
---|---|---|---|---|---|---|
r-devel-linux-x86_64-debian-clang | 1.0.2 | 51.57 | 446.79 | 498.36 | OK | |
r-devel-linux-x86_64-debian-gcc | 1.0.3 | 37.90 | 319.07 | 356.97 | OK | |
r-devel-linux-x86_64-fedora-clang | 1.0.3 | 816.51 | OK | |||
r-devel-linux-x86_64-fedora-gcc | 1.0.3 | 826.56 | OK | |||
r-devel-macos-arm64 | 0.0.6 | 217.00 | OK | |||
r-devel-macos-x86_64 | 1.0.3 | 231.00 | OK | |||
r-devel-windows-x86_64 | 1.0.2 | 54.00 | 401.00 | 455.00 | OK | |
r-patched-linux-x86_64 | 1.0.3 | 46.21 | 408.77 | 454.98 | OK | |
r-release-linux-x86_64 | 1.0.3 | 47.48 | 410.96 | 458.44 | OK | |
r-release-macos-arm64 | 0.0.6 | 145.00 | OK | |||
r-release-macos-x86_64 | 1.0.3 | 255.00 | NOTE | |||
r-release-windows-x86_64 | 1.0.3 | 46.00 | 410.00 | 456.00 | OK | |
r-oldrel-macos-arm64 | 0.0.6 | 9.00 | ERROR | |||
r-oldrel-macos-x86_64 | 1.0.3 | 360.00 | NOTE | |||
r-oldrel-windows-x86_64 | 1.0.3 | 57.00 | 446.00 | 503.00 | OK |
Version: 1.0.3
Check: package dependencies
Result: NOTE
Package suggested but not available for checking: ‘ggtreeExtra’
Flavors: r-release-macos-x86_64, r-oldrel-macos-x86_64
Version: 0.0.6
Check: package dependencies
Result: ERROR
Package required but not available: ‘ggtreeExtra’
See section ‘The DESCRIPTION file’ in the ‘Writing R Extensions’
manual.
Flavor: r-oldrel-macos-arm64