Last updated on 2025-02-18 02:50:52 CET.
Flavor | Version | Tinstall | Tcheck | Ttotal | Status | Flags |
---|---|---|---|---|---|---|
r-devel-linux-x86_64-debian-clang | 2.1.1 | 13.59 | 96.13 | 109.72 | NOTE | |
r-devel-linux-x86_64-debian-gcc | 2.1.1 | 9.32 | 65.19 | 74.51 | NOTE | |
r-devel-linux-x86_64-fedora-clang | 2.1.1 | 185.78 | NOTE | |||
r-devel-linux-x86_64-fedora-gcc | 2.1.1 | 159.03 | NOTE | |||
r-devel-macos-arm64 | 2.1.1 | 47.00 | NOTE | |||
r-devel-macos-x86_64 | 2.1.1 | 102.00 | NOTE | |||
r-devel-windows-x86_64 | 2.1.1 | 17.00 | 99.00 | 116.00 | NOTE | |
r-patched-linux-x86_64 | 2.1.1 | 13.76 | 87.74 | 101.50 | NOTE | |
r-release-linux-x86_64 | 2.1.1 | 12.63 | 88.61 | 101.24 | NOTE | |
r-release-macos-arm64 | 2.1.1 | 46.00 | NOTE | |||
r-release-macos-x86_64 | 2.1.1 | 73.00 | NOTE | |||
r-release-windows-x86_64 | 2.1.1 | 17.00 | 105.00 | 122.00 | NOTE | |
r-oldrel-macos-arm64 | 2.1.1 | 69.00 | OK | |||
r-oldrel-macos-x86_64 | 2.1.1 | 82.00 | OK | |||
r-oldrel-windows-x86_64 | 2.1.1 | 19.00 | 120.00 | 139.00 | OK |
Version: 2.1.1
Check: Rd files
Result: NOTE
checkRd: (-1) trtsel.Rd:69: Lost braces; missing escapes or markup?
69 | numeric with two values {0,1} and gaussian(link = "identity") otherwise.
| ^
Flavors: r-devel-linux-x86_64-debian-clang, r-devel-linux-x86_64-debian-gcc, r-devel-linux-x86_64-fedora-clang, r-devel-linux-x86_64-fedora-gcc, r-devel-macos-arm64, r-devel-macos-x86_64, r-devel-windows-x86_64, r-patched-linux-x86_64, r-release-linux-x86_64, r-release-macos-arm64, r-release-macos-x86_64, r-release-windows-x86_64