Last updated on 2025-02-21 02:52:28 CET.
Flavor | Version | Tinstall | Tcheck | Ttotal | Status | Flags |
---|---|---|---|---|---|---|
r-devel-linux-x86_64-debian-clang | 0.1.1 | 5.57 | 49.39 | 54.96 | OK | |
r-devel-linux-x86_64-debian-gcc | 0.1.1 | 3.67 | 37.08 | 40.75 | OK | |
r-devel-linux-x86_64-fedora-clang | 0.1.1 | 86.83 | NOTE | |||
r-devel-linux-x86_64-fedora-gcc | 0.1.1 | 78.39 | NOTE | |||
r-devel-macos-arm64 | 0.1.1 | 29.00 | OK | |||
r-devel-macos-x86_64 | 0.1.1 | 55.00 | OK | |||
r-devel-windows-x86_64 | 0.1.1 | 7.00 | 69.00 | 76.00 | OK | |
r-patched-linux-x86_64 | 0.1.1 | 5.22 | 45.81 | 51.03 | OK | |
r-release-linux-x86_64 | 0.1.1 | 5.25 | 45.93 | 51.18 | OK | |
r-release-macos-arm64 | 0.1.1 | 30.00 | OK | |||
r-release-macos-x86_64 | 0.1.1 | 44.00 | OK | |||
r-release-windows-x86_64 | 0.1.1 | 8.00 | 71.00 | 79.00 | OK | |
r-oldrel-macos-arm64 | 0.1.1 | 27.00 | OK | |||
r-oldrel-macos-x86_64 | 0.1.1 | 42.00 | OK | |||
r-oldrel-windows-x86_64 | 0.1.1 | 8.00 | 85.00 | 93.00 | OK |
Version: 0.1.1
Check: dependencies in R code
Result: NOTE
Namespace in Imports field not imported from: ‘tree’
All declared Imports should be used.
Flavors: r-devel-linux-x86_64-fedora-clang, r-devel-linux-x86_64-fedora-gcc