Last updated on 2025-02-21 02:52:28 CET.
Flavor | Version | Tinstall | Tcheck | Ttotal | Status | Flags |
---|---|---|---|---|---|---|
r-devel-linux-x86_64-debian-clang | 1.13.0 | 72.33 | 156.32 | 228.65 | OK | |
r-devel-linux-x86_64-debian-gcc | 1.13.0 | 52.93 | 102.06 | 154.99 | OK | |
r-devel-linux-x86_64-fedora-clang | 1.13.0 | 386.82 | OK | |||
r-devel-linux-x86_64-fedora-gcc | 1.13.0 | 390.85 | OK | |||
r-devel-macos-arm64 | 1.13.0 | 106.00 | OK | |||
r-devel-macos-x86_64 | 1.13.0 | 225.00 | OK | |||
r-devel-windows-x86_64 | 1.13.0 | 77.00 | 196.00 | 273.00 | OK | |
r-patched-linux-x86_64 | 1.13.0 | 78.42 | 145.85 | 224.27 | OK | |
r-release-linux-x86_64 | 1.13.0 | 75.96 | 144.21 | 220.17 | OK | |
r-release-macos-arm64 | 1.13.0 | 102.00 | NOTE | |||
r-release-macos-x86_64 | 1.13.0 | 210.00 | NOTE | |||
r-release-windows-x86_64 | 1.13.0 | 78.00 | 197.00 | 275.00 | OK | |
r-oldrel-macos-arm64 | 1.13.0 | 112.00 | NOTE | |||
r-oldrel-macos-x86_64 | 1.13.0 | 194.00 | NOTE | |||
r-oldrel-windows-x86_64 | 1.13.0 | 96.00 | 271.00 | 367.00 | OK |
Version: 1.13.0
Check: installed package size
Result: NOTE
installed size is 6.1Mb
sub-directories of 1Mb or more:
R 1.1Mb
libs 3.9Mb
Flavors: r-release-macos-arm64, r-release-macos-x86_64, r-oldrel-macos-arm64, r-oldrel-macos-x86_64