Last updated on 2025-02-18 02:50:52 CET.
Flavor | Version | Tinstall | Tcheck | Ttotal | Status | Flags |
---|---|---|---|---|---|---|
r-devel-linux-x86_64-debian-clang | 0.1.2 | 3.30 | 29.48 | 32.78 | NOTE | |
r-devel-linux-x86_64-debian-gcc | 0.1.2 | 2.34 | 22.89 | 25.23 | NOTE | |
r-devel-linux-x86_64-fedora-clang | 0.1.2 | 57.95 | NOTE | |||
r-devel-linux-x86_64-fedora-gcc | 0.1.2 | 48.42 | NOTE | |||
r-devel-macos-arm64 | 0.1.2 | 20.00 | NOTE | |||
r-devel-macos-x86_64 | 0.1.2 | 35.00 | NOTE | |||
r-devel-windows-x86_64 | 0.1.2 | 6.00 | 53.00 | 59.00 | NOTE | |
r-patched-linux-x86_64 | 0.1.2 | 3.71 | 28.75 | 32.46 | NOTE | |
r-release-linux-x86_64 | 0.1.2 | 3.48 | 28.46 | 31.94 | NOTE | |
r-release-macos-arm64 | 0.1.2 | 19.00 | NOTE | |||
r-release-macos-x86_64 | 0.1.2 | 28.00 | NOTE | |||
r-release-windows-x86_64 | 0.1.2 | 7.00 | 62.00 | 69.00 | NOTE | |
r-oldrel-macos-arm64 | 0.1.2 | 21.00 | OK | |||
r-oldrel-macos-x86_64 | 0.1.2 | 28.00 | OK | |||
r-oldrel-windows-x86_64 | 0.1.2 | 7.00 | 93.00 | 100.00 | OK |
Version: 0.1.2
Check: Rd files
Result: NOTE
checkRd: (-1) fit_stm.Rd:25: Lost braces
25 | \item{xcov}{Either a \[stats]{formula} with an empty left-hand side specifying external covariates
| ^
Flavors: r-devel-linux-x86_64-debian-clang, r-devel-linux-x86_64-debian-gcc, r-devel-linux-x86_64-fedora-clang, r-devel-linux-x86_64-fedora-gcc, r-devel-macos-arm64, r-devel-macos-x86_64, r-devel-windows-x86_64, r-patched-linux-x86_64, r-release-linux-x86_64, r-release-macos-arm64, r-release-macos-x86_64, r-release-windows-x86_64