Last updated on 2025-02-20 14:51:12 CET.
Flavor | Version | Tinstall | Tcheck | Ttotal | Status | Flags |
---|---|---|---|---|---|---|
r-devel-linux-x86_64-debian-clang | 2.0.4 | 5.73 | 77.50 | 83.23 | OK | |
r-devel-linux-x86_64-debian-gcc | 2.0.4 | 3.98 | 56.04 | 60.02 | OK | |
r-devel-linux-x86_64-fedora-clang | 2.0.4 | 130.60 | OK | |||
r-devel-linux-x86_64-fedora-gcc | 2.0.4 | 124.40 | OK | |||
r-devel-macos-arm64 | 2.0.4 | 45.00 | OK | |||
r-devel-macos-x86_64 | 2.0.4 | 73.00 | OK | |||
r-devel-windows-x86_64 | 2.0.4 | 8.00 | 87.00 | 95.00 | OK | |
r-patched-linux-x86_64 | 2.0.4 | 5.34 | 72.78 | 78.12 | OK | |
r-release-linux-x86_64 | 2.0.4 | 5.19 | 73.17 | 78.36 | OK | |
r-release-macos-arm64 | 2.0.4 | 40.00 | OK | |||
r-release-macos-x86_64 | 2.0.4 | 101.00 | OK | |||
r-release-windows-x86_64 | 2.0.4 | 9.00 | 3.00 | 12.00 | FAIL | |
r-oldrel-macos-arm64 | 2.0.4 | 51.00 | OK | |||
r-oldrel-macos-x86_64 | 2.0.4 | 154.00 | OK | |||
r-oldrel-windows-x86_64 | 2.0.4 | 13.00 | 105.00 | 118.00 | OK |
Version: 2.0.4
Check: package dependencies
Result: FAIL
Flavor: r-release-windows-x86_64