Last updated on 2025-02-21 02:52:28 CET.
Flavor | Version | Tinstall | Tcheck | Ttotal | Status | Flags |
---|---|---|---|---|---|---|
r-devel-linux-x86_64-debian-clang | 5.0.5 | 124.01 | 97.40 | 221.41 | OK | |
r-devel-linux-x86_64-debian-gcc | 5.0.5 | 96.12 | 64.09 | 160.21 | OK | |
r-devel-linux-x86_64-fedora-clang | 5.0.5 | 337.81 | OK | |||
r-devel-linux-x86_64-fedora-gcc | 5.0.5 | 412.09 | OK | |||
r-devel-macos-arm64 | 5.0.5 | 88.00 | OK | |||
r-devel-macos-x86_64 | 5.0.5 | 196.00 | OK | |||
r-devel-windows-x86_64 | 5.0.5 | 114.00 | 145.00 | 259.00 | OK | |
r-patched-linux-x86_64 | 5.0.5 | 129.54 | 88.24 | 217.78 | OK | |
r-release-linux-x86_64 | 5.0.5 | 131.45 | 90.42 | 221.87 | OK | |
r-release-macos-arm64 | 5.0.5 | 96.00 | NOTE | |||
r-release-macos-x86_64 | 5.0.5 | 172.00 | NOTE | |||
r-release-windows-x86_64 | 5.0.5 | 121.00 | 138.00 | 259.00 | OK | |
r-oldrel-macos-arm64 | 5.0.5 | 89.00 | NOTE | |||
r-oldrel-macos-x86_64 | 5.0.5 | 185.00 | NOTE | |||
r-oldrel-windows-x86_64 | 5.0.5 | 148.00 | 175.00 | 323.00 | OK |
Version: 5.0.5
Check: installed package size
Result: NOTE
installed size is 22.3Mb
sub-directories of 1Mb or more:
libs 21.8Mb
Flavors: r-release-macos-arm64, r-release-macos-x86_64, r-oldrel-macos-arm64, r-oldrel-macos-x86_64