Last updated on 2025-02-18 02:50:52 CET.
Flavor | Version | Tinstall | Tcheck | Ttotal | Status | Flags |
---|---|---|---|---|---|---|
r-devel-linux-x86_64-debian-clang | 1.0.1 | 7.36 | 17.44 | 24.80 | OK | |
r-devel-linux-x86_64-debian-gcc | 1.0.1 | 7.79 | 14.66 | 22.45 | OK | |
r-devel-linux-x86_64-fedora-clang | 1.0.1 | 45.33 | OK | |||
r-devel-linux-x86_64-fedora-gcc | 1.0.1 | 41.83 | OK | |||
r-devel-macos-arm64 | 1.0.1 | 21.00 | OK | |||
r-devel-macos-x86_64 | 1.0.1 | 32.00 | OK | |||
r-devel-windows-x86_64 | 1.0.1 | 9.00 | 40.00 | 49.00 | OK | |
r-patched-linux-x86_64 | 1.0.1 | 8.31 | 17.05 | 25.36 | NOTE | |
r-release-linux-x86_64 | 1.0.1 | 7.73 | 17.40 | 25.13 | NOTE | |
r-release-macos-arm64 | 1.0.1 | 21.00 | NOTE | |||
r-release-macos-x86_64 | 1.0.1 | 28.00 | NOTE | |||
r-release-windows-x86_64 | 1.0.1 | 9.00 | 39.00 | 48.00 | NOTE | |
r-oldrel-macos-arm64 | 1.0.1 | 23.00 | NOTE | |||
r-oldrel-macos-x86_64 | 1.0.1 | 30.00 | NOTE | |||
r-oldrel-windows-x86_64 | 1.0.1 | 10.00 | 46.00 | 56.00 | NOTE |
Version: 1.0.1
Check: package dependencies
Result: NOTE
Package suggested but not available for checking: ‘USA.state.boundaries.data’
Flavors: r-patched-linux-x86_64, r-release-linux-x86_64, r-release-macos-arm64, r-release-macos-x86_64, r-release-windows-x86_64, r-oldrel-macos-arm64, r-oldrel-macos-x86_64, r-oldrel-windows-x86_64
Version: 1.0.1
Check: installed package size
Result: NOTE
installed size is 7.2Mb
sub-directories of 1Mb or more:
data 7.1Mb
Flavors: r-release-macos-arm64, r-release-macos-x86_64, r-release-windows-x86_64, r-oldrel-macos-arm64, r-oldrel-macos-x86_64, r-oldrel-windows-x86_64