Last updated on 2025-02-21 02:52:28 CET.
Flavor | Version | Tinstall | Tcheck | Ttotal | Status | Flags |
---|---|---|---|---|---|---|
r-devel-linux-x86_64-debian-clang | 1.2.1 | 19.45 | 109.67 | 129.12 | NOTE | |
r-devel-linux-x86_64-debian-gcc | 1.2.1 | 14.38 | 80.32 | 94.70 | NOTE | |
r-devel-linux-x86_64-fedora-clang | 1.2.1 | 210.40 | OK | |||
r-devel-linux-x86_64-fedora-gcc | 1.2.1 | 192.49 | OK | |||
r-devel-macos-arm64 | 1.2.1 | 55.00 | OK | |||
r-devel-macos-x86_64 | 1.2.1 | 125.00 | OK | |||
r-devel-windows-x86_64 | 1.2.1 | 20.00 | 107.00 | 127.00 | NOTE | |
r-patched-linux-x86_64 | 1.2.1 | 23.66 | 100.14 | 123.80 | OK | |
r-release-linux-x86_64 | 1.2.1 | 18.37 | 103.53 | 121.90 | OK | |
r-release-macos-arm64 | 1.2.1 | 51.00 | OK | |||
r-release-macos-x86_64 | 1.2.1 | 81.00 | OK | |||
r-release-windows-x86_64 | 1.2.1 | 19.00 | 105.00 | 124.00 | OK | |
r-oldrel-macos-arm64 | 1.2.1 | 55.00 | OK | |||
r-oldrel-macos-x86_64 | 1.2.1 | 126.00 | OK | |||
r-oldrel-windows-x86_64 | 1.2.1 | 25.00 | 148.00 | 173.00 | OK |
Version: 1.2.1
Check: Rd cross-references
Result: NOTE
Found the following Rd file(s) with Rd \link{} targets missing package
anchors:
UpDown.Rd: normalmixEM, mclust
UpDownApp.Rd: shiny, ggplot2
Please provide package anchors for all Rd \link{} targets not in the
package itself and the base packages.
Flavors: r-devel-linux-x86_64-debian-clang, r-devel-linux-x86_64-debian-gcc, r-devel-windows-x86_64