Last updated on 2025-02-20 14:51:12 CET.
Flavor | Version | Tinstall | Tcheck | Ttotal | Status | Flags |
---|---|---|---|---|---|---|
r-devel-linux-x86_64-debian-clang | 0.1.0 | 57.86 | 54.49 | 112.35 | OK | |
r-devel-linux-x86_64-debian-gcc | 0.1.0 | 43.48 | 41.72 | 85.20 | OK | |
r-devel-linux-x86_64-fedora-clang | 0.1.0 | 180.41 | OK | |||
r-devel-linux-x86_64-fedora-gcc | 0.1.0 | 206.55 | OK | |||
r-devel-macos-arm64 | 0.1.0 | 54.00 | OK | |||
r-devel-macos-x86_64 | 0.1.0 | 111.00 | OK | |||
r-devel-windows-x86_64 | 0.1.0 | 57.00 | 90.00 | 147.00 | OK | |
r-patched-linux-x86_64 | 0.1.0 | 59.70 | 51.65 | 111.35 | OK | |
r-release-linux-x86_64 | 0.1.0 | 60.55 | 50.97 | 111.52 | OK | |
r-release-macos-arm64 | 0.1.0 | 50.00 | NOTE | |||
r-release-macos-x86_64 | 0.1.0 | 83.00 | NOTE | |||
r-release-windows-x86_64 | 0.1.0 | 56.00 | 3.00 | 59.00 | FAIL | |
r-oldrel-macos-arm64 | 0.1.0 | 61.00 | NOTE | |||
r-oldrel-macos-x86_64 | 0.1.0 | 156.00 | NOTE | |||
r-oldrel-windows-x86_64 | 0.1.0 | 68.00 | 105.00 | 173.00 | OK |
Version: 0.1.0
Check: installed package size
Result: NOTE
installed size is 7.8Mb
sub-directories of 1Mb or more:
libs 7.5Mb
Flavors: r-release-macos-arm64, r-release-macos-x86_64, r-oldrel-macos-arm64, r-oldrel-macos-x86_64
Version: 0.1.0
Check: package dependencies
Result: FAIL
Flavor: r-release-windows-x86_64