Last updated on 2025-02-21 02:52:28 CET.
Flavor | Version | Tinstall | Tcheck | Ttotal | Status | Flags |
---|---|---|---|---|---|---|
r-devel-linux-x86_64-debian-clang | 6.2.2 | 28.48 | 189.68 | 218.16 | NOTE | |
r-devel-linux-x86_64-debian-gcc | 6.2.2 | 18.96 | 130.99 | 149.95 | NOTE | |
r-devel-linux-x86_64-fedora-clang | 6.2.2 | 334.41 | NOTE | |||
r-devel-linux-x86_64-fedora-gcc | 6.2.2 | 332.64 | NOTE | |||
r-devel-macos-arm64 | 6.2.2 | 117.00 | OK | |||
r-devel-macos-x86_64 | 6.2.2 | 183.00 | OK | |||
r-devel-windows-x86_64 | 6.2.2 | 32.00 | 194.00 | 226.00 | NOTE | |
r-patched-linux-x86_64 | 6.2.2 | 37.07 | 170.55 | 207.62 | OK | |
r-release-linux-x86_64 | 6.2.2 | 27.45 | 168.60 | 196.05 | OK | |
r-release-macos-arm64 | 6.2.2 | 92.00 | NOTE | |||
r-release-macos-x86_64 | 6.2.2 | 135.00 | NOTE | |||
r-release-windows-x86_64 | 6.2.2 | 30.00 | 195.00 | 225.00 | NOTE | |
r-oldrel-macos-arm64 | 6.2.2 | 99.00 | NOTE | |||
r-oldrel-macos-x86_64 | 6.2.2 | 172.00 | NOTE | |||
r-oldrel-windows-x86_64 | 6.2.2 | 42.00 | 240.00 | 282.00 | NOTE |
Version: 6.2.2
Check: Rd cross-references
Result: NOTE
Found the following Rd file(s) with Rd \link{} targets missing package
anchors:
regressionImp.Rd: lmrob, glmrob
Please provide package anchors for all Rd \link{} targets not in the
package itself and the base packages.
Flavors: r-devel-linux-x86_64-debian-clang, r-devel-linux-x86_64-debian-gcc, r-devel-windows-x86_64
Version: 6.2.2
Check: dependencies in R code
Result: NOTE
Namespace in Imports field not imported from: ‘magrittr’
All declared Imports should be used.
Flavors: r-devel-linux-x86_64-fedora-clang, r-devel-linux-x86_64-fedora-gcc
Version: 6.2.2
Check: installed package size
Result: NOTE
installed size is 5.2Mb
sub-directories of 1Mb or more:
doc 2.7Mb
libs 1.0Mb
Flavors: r-release-macos-arm64, r-release-macos-x86_64, r-release-windows-x86_64, r-oldrel-macos-arm64, r-oldrel-macos-x86_64, r-oldrel-windows-x86_64