Last updated on 2025-02-21 02:52:28 CET.
Flavor | Version | Tinstall | Tcheck | Ttotal | Status | Flags |
---|---|---|---|---|---|---|
r-devel-linux-x86_64-debian-clang | 0.99.1 | 31.30 | 490.12 | 521.42 | NOTE | |
r-devel-linux-x86_64-debian-gcc | 0.99.1 | 23.51 | 389.39 | 412.90 | NOTE | |
r-devel-linux-x86_64-fedora-clang | 0.99.1 | 780.59 | OK | |||
r-devel-linux-x86_64-fedora-gcc | 0.99.1 | 827.02 | OK | |||
r-devel-macos-arm64 | 0.99.1 | 233.00 | OK | |||
r-devel-macos-x86_64 | 0.99.1 | 460.00 | OK | |||
r-devel-windows-x86_64 | 0.99.1 | 32.00 | 399.00 | 431.00 | NOTE | |
r-patched-linux-x86_64 | 0.99.1 | 29.91 | 455.87 | 485.78 | OK | |
r-release-linux-x86_64 | 0.99.1 | 28.32 | 452.09 | 480.41 | OK | |
r-release-macos-arm64 | 0.99.1 | 219.00 | OK | |||
r-release-macos-x86_64 | 0.99.1 | 322.00 | OK | |||
r-release-windows-x86_64 | 0.99.1 | 30.00 | 403.00 | 433.00 | OK | |
r-oldrel-macos-arm64 | 0.99.1 | 203.00 | OK | |||
r-oldrel-macos-x86_64 | 0.99.1 | 322.00 | OK | |||
r-oldrel-windows-x86_64 | 0.99.1 | 41.00 | 514.00 | 555.00 | OK |
Version: 0.99.1
Check: Rd cross-references
Result: NOTE
Found the following Rd file(s) with Rd \link{} targets missing package
anchors:
VSOLassoBag.Rd: coxph
Please provide package anchors for all Rd \link{} targets not in the
package itself and the base packages.
Flavors: r-devel-linux-x86_64-debian-clang, r-devel-linux-x86_64-debian-gcc, r-devel-windows-x86_64