Last updated on 2025-02-21 02:52:28 CET.
Flavor | Version | Tinstall | Tcheck | Ttotal | Status | Flags |
---|---|---|---|---|---|---|
r-devel-linux-x86_64-debian-clang | 1.2.0 | 3.46 | 39.99 | 43.45 | NOTE | |
r-devel-linux-x86_64-debian-gcc | 1.2.0 | 2.38 | 30.50 | 32.88 | NOTE | |
r-devel-linux-x86_64-fedora-clang | 1.2.0 | 69.05 | OK | |||
r-devel-linux-x86_64-fedora-gcc | 1.2.0 | 63.86 | OK | |||
r-devel-macos-arm64 | 1.2.0 | 29.00 | OK | |||
r-devel-macos-x86_64 | 1.2.0 | 47.00 | OK | |||
r-devel-windows-x86_64 | 1.2.0 | 4.00 | 68.00 | 72.00 | NOTE | |
r-patched-linux-x86_64 | 1.2.0 | 6.05 | 36.61 | 42.66 | OK | |
r-release-linux-x86_64 | 1.2.0 | 2.73 | 37.77 | 40.50 | OK | |
r-release-macos-arm64 | 1.2.0 | 26.00 | OK | |||
r-release-macos-x86_64 | 1.2.0 | 39.00 | OK | |||
r-release-windows-x86_64 | 1.2.0 | 4.00 | 68.00 | 72.00 | OK | |
r-oldrel-macos-arm64 | 1.2.0 | 29.00 | OK | |||
r-oldrel-macos-x86_64 | 1.2.0 | 40.00 | OK | |||
r-oldrel-windows-x86_64 | 1.2.0 | 5.00 | 74.00 | 79.00 | OK |
Version: 1.2.0
Check: Rd cross-references
Result: NOTE
Found the following Rd file(s) with Rd \link{} targets missing package
anchors:
VSURF.Rd: randomForest
VSURF_interp.Rd: randomForest
VSURF_pred.Rd: randomForest
VSURF_thres.Rd: randomForest
predict.VSURF.Rd: randomForest, predict.randomForest
Please provide package anchors for all Rd \link{} targets not in the
package itself and the base packages.
Flavors: r-devel-linux-x86_64-debian-clang, r-devel-linux-x86_64-debian-gcc, r-devel-windows-x86_64