Last updated on 2025-05-29 02:51:06 CEST.
Flavor | Version | Tinstall | Tcheck | Ttotal | Status | Flags |
---|---|---|---|---|---|---|
r-devel-linux-x86_64-debian-clang | 1.0.0 | 11.62 | 93.11 | 104.73 | NOTE | |
r-devel-linux-x86_64-debian-gcc | 1.0.0 | 6.65 | 67.35 | 74.00 | NOTE | |
r-devel-linux-x86_64-fedora-clang | 1.0.0 | 158.06 | NOTE | |||
r-devel-linux-x86_64-fedora-gcc | 1.0.0 | 148.86 | NOTE | |||
r-devel-windows-x86_64 | 1.0.0 | 13.00 | 101.00 | 114.00 | NOTE | |
r-patched-linux-x86_64 | 1.0.0 | 10.70 | 87.68 | 98.38 | NOTE | |
r-release-linux-x86_64 | 1.0.0 | 10.81 | 89.59 | 100.40 | NOTE | |
r-release-macos-arm64 | 1.0.0 | 42.00 | NOTE | |||
r-release-macos-x86_64 | 1.0.0 | 84.00 | NOTE | |||
r-release-windows-x86_64 | 1.0.0 | 11.00 | 103.00 | 114.00 | NOTE | |
r-oldrel-macos-arm64 | 1.0.0 | 43.00 | NOTE | |||
r-oldrel-macos-x86_64 | 1.0.0 | 78.00 | NOTE | |||
r-oldrel-windows-x86_64 | 1.0.0 | 17.00 | 129.00 | 146.00 | NOTE |
Version: 1.0.0
Check: Rd files
Result: NOTE
checkRd: (-1) ex121.Rd:18: Escaped LaTeX specials: \&
checkRd: (-1) ex124.Rd:18: Escaped LaTeX specials: \&
checkRd: (-1) ex125.Rd:18: Escaped LaTeX specials: \&
checkRd: (-1) ex127.Rd:18: Escaped LaTeX specials: \&
checkRd: (-1) ex32.Rd:18: Escaped LaTeX specials: \&
checkRd: (-1) ex33.Rd:18: Escaped LaTeX specials: \&
Flavors: r-devel-linux-x86_64-debian-clang, r-devel-linux-x86_64-debian-gcc, r-devel-linux-x86_64-fedora-clang, r-devel-linux-x86_64-fedora-gcc, r-devel-windows-x86_64, r-patched-linux-x86_64, r-release-linux-x86_64, r-release-macos-arm64, r-release-macos-x86_64, r-release-windows-x86_64, r-oldrel-macos-arm64, r-oldrel-macos-x86_64, r-oldrel-windows-x86_64
Version: 1.0.0
Check: dependencies in R code
Result: NOTE
Namespace in Imports field not imported from: ‘nlme’
All declared Imports should be used.
Flavors: r-devel-linux-x86_64-fedora-clang, r-devel-linux-x86_64-fedora-gcc