Last updated on 2025-02-20 14:51:12 CET.
Flavor | Version | Tinstall | Tcheck | Ttotal | Status | Flags |
---|---|---|---|---|---|---|
r-devel-linux-x86_64-debian-clang | 0.1.0 | 1.89 | 18.63 | 20.52 | OK | |
r-devel-linux-x86_64-debian-gcc | 0.1.0 | 1.53 | 15.28 | 16.81 | OK | |
r-devel-linux-x86_64-fedora-clang | 0.1.0 | 32.41 | NOTE | |||
r-devel-linux-x86_64-fedora-gcc | 0.1.0 | 30.27 | NOTE | |||
r-devel-macos-arm64 | 0.1.0 | 16.00 | OK | |||
r-devel-macos-x86_64 | 0.1.0 | 24.00 | OK | |||
r-devel-windows-x86_64 | 0.1.0 | 4.00 | 45.00 | 49.00 | OK | |
r-patched-linux-x86_64 | 0.1.0 | 1.48 | 17.63 | 19.11 | OK | |
r-release-linux-x86_64 | 0.1.0 | 1.91 | 17.85 | 19.76 | OK | |
r-release-macos-arm64 | 0.1.0 | 15.00 | OK | |||
r-release-macos-x86_64 | 0.1.0 | 22.00 | OK | |||
r-release-windows-x86_64 | 0.1.0 | 3.00 | 3.00 | 6.00 | FAIL | |
r-oldrel-macos-arm64 | 0.1.0 | 16.00 | OK | |||
r-oldrel-macos-x86_64 | 0.1.0 | 20.00 | OK | |||
r-oldrel-windows-x86_64 | 0.1.0 | 4.00 | 53.00 | 57.00 | OK |
Version: 0.1.0
Check: dependencies in R code
Result: NOTE
Namespace in Imports field not imported from: ‘dplyr’
All declared Imports should be used.
Flavors: r-devel-linux-x86_64-fedora-clang, r-devel-linux-x86_64-fedora-gcc
Version: 0.1.0
Check: package dependencies
Result: FAIL
Flavor: r-release-windows-x86_64