Last updated on 2025-05-14 14:50:10 CEST.
Flavor | Version | Tinstall | Tcheck | Ttotal | Status | Flags |
---|---|---|---|---|---|---|
r-devel-linux-x86_64-debian-clang | 4.0.3 | 12.50 | 265.21 | 277.71 | OK | |
r-devel-linux-x86_64-debian-gcc | 4.0.3 | 7.91 | 165.24 | 173.15 | OK | |
r-devel-linux-x86_64-fedora-clang | 4.0.3 | 435.19 | OK | |||
r-devel-linux-x86_64-fedora-gcc | 4.0.3 | 432.02 | OK | |||
r-devel-windows-x86_64 | 4.0.3 | 14.00 | 224.00 | 238.00 | OK | |
r-patched-linux-x86_64 | 4.0.3 | 11.23 | 251.45 | 262.68 | OK | |
r-release-linux-x86_64 | 4.0.3 | 10.10 | 252.51 | 262.61 | OK | |
r-release-macos-arm64 | 4.0.3 | 116.00 | OK | |||
r-release-macos-x86_64 | 4.0.3 | 286.00 | OK | |||
r-release-windows-x86_64 | 4.0.3 | 13.00 | 229.00 | 242.00 | OK | |
r-oldrel-macos-arm64 | 4.0.3 | 112.00 | NOTE | |||
r-oldrel-macos-x86_64 | 4.0.3 | 170.00 | OK | |||
r-oldrel-windows-x86_64 | 4.0.3 | 16.00 | 332.00 | 348.00 | OK |
Version: 4.0.3
Check: package dependencies
Result: NOTE
Package suggested but not available for checking: ‘glmmTMB’
Flavor: r-oldrel-macos-arm64