Last updated on 2025-02-20 14:51:13 CET.
Flavor | Version | Tinstall | Tcheck | Ttotal | Status | Flags |
---|---|---|---|---|---|---|
r-devel-linux-x86_64-debian-clang | 1.3.2 | 18.93 | 281.91 | 300.84 | ERROR | |
r-devel-linux-x86_64-debian-gcc | 1.3.2 | 12.30 | 197.93 | 210.23 | ERROR | |
r-devel-linux-x86_64-fedora-clang | 1.3.2 | 484.82 | ERROR | |||
r-devel-linux-x86_64-fedora-gcc | 1.3.2 | 494.04 | ERROR | |||
r-devel-macos-arm64 | 1.3.2 | 175.00 | OK | |||
r-devel-macos-x86_64 | 1.3.2 | 422.00 | OK | |||
r-devel-windows-x86_64 | 1.3.2 | 19.00 | 319.00 | 338.00 | ERROR | |
r-patched-linux-x86_64 | 1.3.2 | 24.72 | 268.17 | 292.89 | ERROR | |
r-release-linux-x86_64 | 1.3.2 | 19.35 | 267.82 | 287.17 | ERROR | |
r-release-macos-arm64 | 1.3.2 | 198.00 | OK | |||
r-release-macos-x86_64 | 1.3.2 | 328.00 | OK | |||
r-release-windows-x86_64 | 1.3.2 | 21.00 | 328.00 | 349.00 | ERROR | |
r-oldrel-macos-arm64 | 1.3.2 | 178.00 | OK | |||
r-oldrel-macos-x86_64 | 1.3.2 | 345.00 | OK | |||
r-oldrel-windows-x86_64 | 1.3.2 | 26.00 | 395.00 | 421.00 | ERROR |
Version: 1.3.2
Check: re-building of vignette outputs
Result: ERROR
Error(s) in re-building vignettes:
...
--- re-building ‘WeightIt.Rmd’ using rmarkdown_notangle
--- finished re-building ‘WeightIt.Rmd’
--- re-building ‘estimating-effects.Rmd’ using rmarkdown_notangle
Quitting from lines 398-410 [unnamed-chunk-16] (estimating-effects.Rmd)
Error: processing vignette 'estimating-effects.Rmd' failed with diagnostics:
Assertion failed. One of the following must apply:
* checkmate::check_character(hypothesis): Must comply to pattern '='
* checkmate::check_numeric(hypothesis): Must be of type 'numeric', not 'character'
* checkmate::check_formula(hypothesis): Must be a formula, not character
* checkmate::check_matrix(hypothesis): Must be of type 'matrix', not 'character'
* checkmate::check_function(hypothesis): Must be a function, not 'character'
* checkmate::check_null(hypothesis): Must be NULL
--- failed re-building ‘estimating-effects.Rmd’
--- re-building ‘installing-packages.Rmd’ using rmarkdown_notangle
--- finished re-building ‘installing-packages.Rmd’
SUMMARY: processing the following file failed:
‘estimating-effects.Rmd’
Error: Vignette re-building failed.
Execution halted
Flavors: r-devel-linux-x86_64-debian-clang, r-devel-linux-x86_64-debian-gcc, r-patched-linux-x86_64, r-release-linux-x86_64
Version: 1.3.2
Check: re-building of vignette outputs
Result: ERROR
Error(s) in re-building vignettes:
--- re-building ‘WeightIt.Rmd’ using rmarkdown_notangle
--- finished re-building ‘WeightIt.Rmd’
--- re-building ‘estimating-effects.Rmd’ using rmarkdown_notangle
Quitting from lines 398-410 [unnamed-chunk-16] (estimating-effects.Rmd)
Error: processing vignette 'estimating-effects.Rmd' failed with diagnostics:
Assertion failed. One of the following must apply:
* checkmate::check_character(hypothesis): Must comply to pattern '='
* checkmate::check_numeric(hypothesis): Must be of type 'numeric', not 'character'
* checkmate::check_formula(hypothesis): Must be a formula, not character
* checkmate::check_matrix(hypothesis): Must be of type 'matrix', not 'character'
* checkmate::check_function(hypothesis): Must be a function, not 'character'
* checkmate::check_null(hypothesis): Must be NULL
--- failed re-building ‘estimating-effects.Rmd’
--- re-building ‘installing-packages.Rmd’ using rmarkdown_notangle
--- finished re-building ‘installing-packages.Rmd’
SUMMARY: processing the following file failed:
‘estimating-effects.Rmd’
Error: Vignette re-building failed.
Execution halted
Flavors: r-devel-linux-x86_64-fedora-clang, r-devel-linux-x86_64-fedora-gcc, r-devel-windows-x86_64, r-release-windows-x86_64, r-oldrel-windows-x86_64