Last updated on 2025-02-18 02:50:53 CET.
Flavor | Version | Tinstall | Tcheck | Ttotal | Status | Flags |
---|---|---|---|---|---|---|
r-devel-linux-x86_64-debian-clang | 0.1.4 | 42.02 | 78.40 | 120.42 | OK | |
r-devel-linux-x86_64-debian-gcc | 0.1.4 | 38.89 | 58.83 | 97.72 | OK | |
r-devel-linux-x86_64-fedora-clang | 0.1.4 | 207.25 | OK | |||
r-devel-linux-x86_64-fedora-gcc | 0.1.4 | 236.22 | OK | |||
r-devel-macos-arm64 | 0.1.4 | 62.00 | OK | |||
r-devel-macos-x86_64 | 0.1.4 | 132.00 | OK | |||
r-devel-windows-x86_64 | 0.1.4 | 53.00 | 106.00 | 159.00 | OK | |
r-patched-linux-x86_64 | 0.1.4 | 52.02 | 72.90 | 124.92 | OK | |
r-release-linux-x86_64 | 0.1.4 | 49.45 | 74.27 | 123.72 | OK | |
r-release-macos-arm64 | 0.1.4 | 62.00 | NOTE | |||
r-release-macos-x86_64 | 0.1.4 | 176.00 | NOTE | |||
r-release-windows-x86_64 | 0.1.4 | 52.00 | 110.00 | 162.00 | OK | |
r-oldrel-macos-arm64 | 0.1.4 | 62.00 | NOTE | |||
r-oldrel-macos-x86_64 | 0.1.4 | 152.00 | NOTE | |||
r-oldrel-windows-x86_64 | 0.1.4 | 63.00 | 155.00 | 218.00 | OK |
Version: 0.1.4
Check: installed package size
Result: NOTE
installed size is 12.6Mb
sub-directories of 1Mb or more:
doc 1.4Mb
libs 10.4Mb
Flavors: r-release-macos-arm64, r-release-macos-x86_64, r-oldrel-macos-arm64, r-oldrel-macos-x86_64