Last updated on 2025-02-21 02:52:29 CET.
Flavor | Version | Tinstall | Tcheck | Ttotal | Status | Flags |
---|---|---|---|---|---|---|
r-devel-linux-x86_64-debian-clang | 1.5-10 | 2.33 | 24.52 | 26.85 | NOTE | |
r-devel-linux-x86_64-debian-gcc | 1.5-10 | 1.63 | 19.81 | 21.44 | NOTE | |
r-devel-linux-x86_64-fedora-clang | 1.5-10 | 41.62 | NOTE | |||
r-devel-linux-x86_64-fedora-gcc | 1.5-10 | 52.17 | NOTE | |||
r-devel-macos-arm64 | 1.5-10 | 21.00 | NOTE | |||
r-devel-macos-x86_64 | 1.5-10 | 40.00 | NOTE | |||
r-devel-windows-x86_64 | 1.5-10 | 4.00 | 50.00 | 54.00 | NOTE | |
r-patched-linux-x86_64 | 1.5-10 | 2.18 | 23.17 | 25.35 | NOTE | |
r-release-linux-x86_64 | 1.5-10 | 1.93 | 23.09 | 25.02 | NOTE | |
r-release-macos-arm64 | 1.5-10 | 21.00 | NOTE | |||
r-release-macos-x86_64 | 1.5-10 | 33.00 | NOTE | |||
r-release-windows-x86_64 | 1.5-10 | 5.00 | 46.00 | 51.00 | NOTE | |
r-oldrel-macos-arm64 | 1.5-10 | 22.00 | NOTE | |||
r-oldrel-macos-x86_64 | 1.5-10 | 35.00 | NOTE | |||
r-oldrel-windows-x86_64 | 1.5-10 | 4.00 | 48.00 | 52.00 | NOTE |
Version: 1.5-10
Check: package subdirectories
Result: NOTE
Problems with news in ‘NEWS.md’:
Cannot extract version info from the following section titles:
Major changes
Minor changes
Flavors: r-devel-linux-x86_64-debian-clang, r-devel-linux-x86_64-debian-gcc, r-devel-linux-x86_64-fedora-clang, r-devel-linux-x86_64-fedora-gcc, r-devel-macos-arm64, r-devel-macos-x86_64, r-devel-windows-x86_64, r-patched-linux-x86_64, r-release-linux-x86_64, r-release-macos-arm64, r-release-macos-x86_64, r-release-windows-x86_64, r-oldrel-macos-arm64, r-oldrel-macos-x86_64, r-oldrel-windows-x86_64