CRAN Package Check Results for Package XR

Last updated on 2025-05-07 02:50:35 CEST.

Flavor Version Tinstall Tcheck Ttotal Status Flags
r-devel-linux-x86_64-debian-clang 0.7.2 6.21 31.31 37.52 NOTE
r-devel-linux-x86_64-debian-gcc 0.7.2 4.16 23.96 28.12 NOTE
r-devel-linux-x86_64-fedora-clang 0.7.2 59.77 OK
r-devel-linux-x86_64-fedora-gcc 0.7.2 56.67 OK
r-devel-windows-x86_64 0.7.2 6.00 53.00 59.00 OK
r-patched-linux-x86_64 0.7.2 6.96 30.14 37.10 OK
r-release-linux-x86_64 0.7.2 5.98 29.86 35.84 OK
r-release-macos-arm64 0.7.2 20.00 OK
r-release-macos-x86_64 0.7.2 38.00 OK
r-release-windows-x86_64 0.7.2 7.00 54.00 61.00 OK
r-oldrel-macos-arm64 0.7.2 20.00 OK
r-oldrel-macos-x86_64 0.7.2 29.00 OK
r-oldrel-windows-x86_64 0.7.2 7.00 60.00 67.00 OK

Check Details

Version: 0.7.2
Check: CRAN incoming feasibility
Result: NOTE Maintainer: ‘John Chambers <jmc@r-project.org>’ No Authors@R field in DESCRIPTION. Please add one, modifying Authors@R: c(person(given = c("John", "M."), family = "Chambers", role = "aut"), person(given = "John", family = "Chambers", role = "cre", email = "jmc@r-project.org")) as necessary. Flavors: r-devel-linux-x86_64-debian-clang, r-devel-linux-x86_64-debian-gcc