Last updated on 2025-02-21 02:52:29 CET.
Flavor | Version | Tinstall | Tcheck | Ttotal | Status | Flags |
---|---|---|---|---|---|---|
r-devel-linux-x86_64-debian-clang | 1.0.1 | 240.80 | 169.10 | 409.90 | OK | |
r-devel-linux-x86_64-debian-gcc | 1.0.1 | 224.77 | 139.77 | 364.54 | OK | |
r-devel-linux-x86_64-fedora-clang | 1.0.1 | 629.44 | NOTE | |||
r-devel-linux-x86_64-fedora-gcc | 1.0.1 | 796.01 | NOTE | |||
r-devel-macos-arm64 | 1.0.1 | 163.00 | OK | |||
r-devel-macos-x86_64 | 1.0.1 | 303.00 | OK | |||
r-devel-windows-x86_64 | 1.0.1 | 227.00 | 204.00 | 431.00 | OK | |
r-patched-linux-x86_64 | 1.0.1 | 275.02 | 183.07 | 458.09 | NOTE | |
r-release-linux-x86_64 | 1.0.1 | 282.22 | 184.43 | 466.65 | NOTE | |
r-release-macos-arm64 | 1.0.1 | 161.00 | NOTE | |||
r-release-macos-x86_64 | 1.0.1 | 224.00 | NOTE | |||
r-release-windows-x86_64 | 1.0.1 | 239.00 | 193.00 | 432.00 | NOTE | |
r-oldrel-macos-arm64 | 1.0.1 | 166.00 | NOTE | |||
r-oldrel-macos-x86_64 | 1.0.1 | 262.00 | NOTE | |||
r-oldrel-windows-x86_64 | 1.0.1 | 310.00 | 239.00 | 549.00 | NOTE |
Version: 1.0.1
Check: dependencies in R code
Result: NOTE
Namespace in Imports field not imported from: ‘rstantools’
All declared Imports should be used.
Flavors: r-devel-linux-x86_64-fedora-clang, r-devel-linux-x86_64-fedora-gcc
Version: 1.0.1
Check: for GNU extensions in Makefiles
Result: NOTE
GNU make is a SystemRequirements.
Flavors: r-patched-linux-x86_64, r-release-linux-x86_64, r-release-macos-arm64, r-release-macos-x86_64, r-release-windows-x86_64, r-oldrel-macos-arm64, r-oldrel-macos-x86_64, r-oldrel-windows-x86_64
Version: 1.0.1
Check: installed package size
Result: NOTE
installed size is 53.8Mb
sub-directories of 1Mb or more:
libs 53.4Mb
Flavors: r-release-macos-arm64, r-release-macos-x86_64, r-oldrel-macos-arm64, r-oldrel-macos-x86_64