CRAN Package Check Results for Package Z10

Last updated on 2025-02-21 02:52:29 CET.

Flavor Version Tinstall Tcheck Ttotal Status Flags
r-devel-linux-x86_64-debian-clang 0.1.0 2.45 19.86 22.31 OK
r-devel-linux-x86_64-debian-gcc 0.1.0 1.62 15.46 17.08 OK
r-devel-linux-x86_64-fedora-clang 0.1.0 37.50 OK
r-devel-linux-x86_64-fedora-gcc 0.1.0 36.01 OK
r-devel-macos-arm64 0.1.0 16.00 OK
r-devel-macos-x86_64 0.1.0 27.00 OK
r-devel-windows-x86_64 0.1.0 5.00 43.00 48.00 OK
r-patched-linux-x86_64 0.1.0 2.39 18.96 21.35 NOTE
r-release-linux-x86_64 0.1.0 2.18 18.75 20.93 NOTE
r-release-macos-arm64 0.1.0 16.00 NOTE
r-release-macos-x86_64 0.1.0 22.00 NOTE
r-release-windows-x86_64 0.1.0 4.00 42.00 46.00 NOTE
r-oldrel-macos-arm64 0.1.0 16.00 NOTE
r-oldrel-macos-x86_64 0.1.0 21.00 NOTE
r-oldrel-windows-x86_64 0.1.0 4.00 45.00 49.00 NOTE

Check Details

Version: 0.1.0
Check: package dependencies
Result: NOTE Packages suggested but not available for checking: 'RNRCS', 'metScanR', 'rnoaa' Flavors: r-patched-linux-x86_64, r-release-linux-x86_64

Version: 0.1.0
Check: LazyData
Result: NOTE 'LazyData' is specified without a 'data' directory Flavors: r-patched-linux-x86_64, r-release-linux-x86_64, r-release-macos-arm64, r-release-macos-x86_64, r-release-windows-x86_64, r-oldrel-macos-arm64, r-oldrel-macos-x86_64, r-oldrel-windows-x86_64

Version: 0.1.0
Check: package dependencies
Result: NOTE Packages suggested but not available for checking: 'RNRCS', 'metScanR' Flavors: r-release-macos-arm64, r-release-macos-x86_64, r-release-windows-x86_64, r-oldrel-macos-arm64, r-oldrel-macos-x86_64, r-oldrel-windows-x86_64