CRAN Package Check Results for Package ZVCV

Last updated on 2025-05-10 02:50:00 CEST.

Flavor Version Tinstall Tcheck Ttotal Status Flags
r-devel-linux-x86_64-debian-clang 2.1.2 93.21 86.79 180.00 NOTE
r-devel-linux-x86_64-debian-gcc 2.1.2 64.60 61.05 125.65 NOTE
r-devel-linux-x86_64-fedora-clang 2.1.2 298.10 OK
r-devel-linux-x86_64-fedora-gcc 2.1.2 330.69 OK
r-devel-windows-x86_64 2.1.2 94.00 115.00 209.00 OK
r-patched-linux-x86_64 2.1.2 88.33 80.94 169.27 OK
r-release-linux-x86_64 2.1.2 85.62 81.92 167.54 OK
r-release-macos-arm64 2.1.2 69.00 OK
r-release-macos-x86_64 2.1.2 117.00 OK
r-release-windows-x86_64 2.1.2 94.00 111.00 205.00 OK
r-oldrel-macos-arm64 2.1.2 72.00 NOTE
r-oldrel-macos-x86_64 2.1.2 100.00 NOTE
r-oldrel-windows-x86_64 2.1.2 112.00 143.00 255.00 OK

Check Details

Version: 2.1.2
Check: CRAN incoming feasibility
Result: NOTE Maintainer: ‘Leah F. South <leah.south@hdr.qut.edu.au>’ The Description field contains <arXiv:1811.05073>), control functionals (CF, Oates et al. (2017) South et al., 2020 <arXiv:2002.00033>). ZV-CV is a parametric approach Please refer to arXiv e-prints via their arXiv DOI <doi:10.48550/arXiv.YYMM.NNNNN>. Flavors: r-devel-linux-x86_64-debian-clang, r-devel-linux-x86_64-debian-gcc

Version: 2.1.2
Check: installed package size
Result: NOTE installed size is 10.2Mb sub-directories of 1Mb or more: libs 9.9Mb Flavors: r-oldrel-macos-arm64, r-oldrel-macos-x86_64