CRAN Package Check Results for Package aLFQ

Last updated on 2025-02-16 14:50:26 CET.

Flavor Version Tinstall Tcheck Ttotal Status Flags
r-devel-linux-x86_64-debian-clang 1.3.6 14.36 126.71 141.07 NOTE
r-devel-linux-x86_64-debian-gcc 1.3.6 10.04 89.61 99.65 NOTE
r-devel-linux-x86_64-fedora-clang 1.3.6 223.36 NOTE
r-devel-linux-x86_64-fedora-gcc 1.3.6 204.88 NOTE
r-devel-macos-arm64 1.3.6 56.00 NOTE
r-devel-macos-x86_64 1.3.6 114.00 NOTE
r-devel-windows-x86_64 1.3.6 15.00 118.00 133.00 NOTE
r-patched-linux-x86_64 1.3.6 13.23 112.83 126.06 NOTE
r-release-linux-x86_64 1.3.6 14.41 113.85 128.26 NOTE
r-release-macos-arm64 1.3.6 56.00 NOTE
r-release-macos-x86_64 1.3.6 90.00 NOTE
r-release-windows-x86_64 1.3.6 15.00 124.00 139.00 NOTE
r-oldrel-macos-arm64 1.3.6 63.00 NOTE
r-oldrel-macos-x86_64 1.3.6 101.00 NOTE
r-oldrel-windows-x86_64 1.3.6 20.00 154.00 174.00 NOTE

Check Details

Version: 1.3.6
Check: Rd files
Result: NOTE checkRd: (-1) ALF.Rd:47: Escaped LaTeX specials: \& checkRd: (-1) APEXMS.Rd:14: Lost braces in \enumerate; meant \describe ? checkRd: (-1) APEXMS.Rd:15: Lost braces in \enumerate; meant \describe ? Flavors: r-devel-linux-x86_64-debian-clang, r-devel-linux-x86_64-debian-gcc, r-devel-linux-x86_64-fedora-clang, r-devel-linux-x86_64-fedora-gcc, r-devel-macos-arm64, r-devel-macos-x86_64, r-devel-windows-x86_64, r-patched-linux-x86_64, r-release-linux-x86_64, r-release-macos-arm64, r-release-macos-x86_64, r-release-windows-x86_64

Version: 1.3.6
Check: Rd files
Result: NOTE checkRd: (-1) ALF.Rd:47: Escaped LaTeX specials: \& Flavors: r-oldrel-macos-arm64, r-oldrel-macos-x86_64, r-oldrel-windows-x86_64