Last updated on 2025-02-20 14:50:44 CET.
Flavor | Version | Tinstall | Tcheck | Ttotal | Status | Flags |
---|---|---|---|---|---|---|
r-devel-linux-x86_64-debian-clang | 0.1 | 1.57 | 16.91 | 18.48 | OK | |
r-devel-linux-x86_64-debian-gcc | 0.1 | 1.33 | 14.13 | 15.46 | OK | |
r-devel-linux-x86_64-fedora-clang | 0.1 | 29.56 | OK | |||
r-devel-linux-x86_64-fedora-gcc | 0.1 | 28.70 | OK | |||
r-devel-macos-arm64 | 0.1 | 15.00 | OK | |||
r-devel-macos-x86_64 | 0.1 | 25.00 | OK | |||
r-devel-windows-x86_64 | 0.1 | 4.00 | 39.00 | 43.00 | OK | |
r-patched-linux-x86_64 | 0.1 | 1.28 | 16.27 | 17.55 | OK | |
r-release-linux-x86_64 | 0.1 | 1.39 | 16.16 | 17.55 | OK | |
r-release-macos-arm64 | 0.1 | 18.00 | OK | |||
r-release-macos-x86_64 | 0.1 | 26.00 | OK | |||
r-release-windows-x86_64 | 0.1 | 3.00 | 3.00 | 6.00 | FAIL | |
r-oldrel-macos-arm64 | 0.1 | 15.00 | OK | |||
r-oldrel-macos-x86_64 | 0.1 | 19.00 | OK | |||
r-oldrel-windows-x86_64 | 0.1 | 2.00 | 67.00 | 69.00 | OK |
Version: 0.1
Check: package dependencies
Result: FAIL
Flavor: r-release-windows-x86_64