Last updated on 2025-05-08 02:50:50 CEST.
Flavor | Version | Tinstall | Tcheck | Ttotal | Status | Flags |
---|---|---|---|---|---|---|
r-devel-linux-x86_64-debian-clang | 0.2-8 | 11.17 | 109.95 | 121.12 | NOTE | |
r-devel-linux-x86_64-debian-gcc | 0.2-8 | 9.51 | 74.79 | 84.30 | NOTE | |
r-devel-linux-x86_64-fedora-clang | 0.2-8 | 189.57 | OK | |||
r-devel-linux-x86_64-fedora-gcc | 0.2-8 | 181.24 | OK | |||
r-devel-windows-x86_64 | 0.2-8 | 15.00 | 155.00 | 170.00 | OK | |
r-patched-linux-x86_64 | 0.2-8 | 13.18 | 97.85 | 111.03 | OK | |
r-release-linux-x86_64 | 0.2-8 | 10.70 | 98.95 | 109.65 | OK | |
r-release-macos-arm64 | 0.2-8 | 51.00 | OK | |||
r-release-macos-x86_64 | 0.2-8 | 79.00 | OK | |||
r-release-windows-x86_64 | 0.2-8 | 14.00 | 161.00 | 175.00 | OK | |
r-oldrel-macos-arm64 | 0.2-8 | 49.00 | OK | |||
r-oldrel-macos-x86_64 | 0.2-8 | 70.00 | OK | |||
r-oldrel-windows-x86_64 | 0.2-8 | 21.00 | 197.00 | 218.00 | OK |
Version: 0.2-8
Check: CRAN incoming feasibility
Result: NOTE
Maintainer: ‘Kevin M. Middleton <middletonk@missouri.edu>’
No Authors@R field in DESCRIPTION.
Please add one, modifying
Authors@R: c(person(given = c("Kevin", "M."),
family = "Middleton",
role = c("aut", "cre"),
email = "middletonk@missouri.edu"),
person(given = "Randall",
family = "Pruim",
role = "aut",
email = "rpruim@calvin.edu"))
as necessary.
Found the following (possibly) invalid file URIs:
URI: middletonk@missouri.edu
From: man/abd-package.Rd
URI: rpruim@calvin.edu
From: man/abd-package.Rd
Flavors: r-devel-linux-x86_64-debian-clang, r-devel-linux-x86_64-debian-gcc