CRAN Package Check Results for Package abstractr

Last updated on 2025-02-21 02:52:05 CET.

Flavor Version Tinstall Tcheck Ttotal Status Flags
r-devel-linux-x86_64-debian-clang 0.1.0 5.46 54.67 60.13 OK
r-devel-linux-x86_64-debian-gcc 0.1.0 3.39 40.81 44.20 OK
r-devel-linux-x86_64-fedora-clang 0.1.0 96.53 OK
r-devel-linux-x86_64-fedora-gcc 0.1.0 108.29 OK
r-devel-macos-arm64 0.1.0 41.00 OK
r-devel-macos-x86_64 0.1.0 67.00 OK
r-devel-windows-x86_64 0.1.0 8.00 75.00 83.00 OK
r-patched-linux-x86_64 0.1.0 4.42 50.79 55.21 NOTE
r-release-linux-x86_64 0.1.0 5.54 51.25 56.79 NOTE
r-release-macos-arm64 0.1.0 36.00 NOTE
r-release-macos-x86_64 0.1.0 59.00 NOTE
r-release-windows-x86_64 0.1.0 9.00 74.00 83.00 NOTE
r-oldrel-macos-arm64 0.1.0 36.00 NOTE
r-oldrel-macos-x86_64 0.1.0 58.00 NOTE
r-oldrel-windows-x86_64 0.1.0 10.00 87.00 97.00 NOTE

Check Details

Version: 0.1.0
Check: LazyData
Result: NOTE 'LazyData' is specified without a 'data' directory Flavors: r-patched-linux-x86_64, r-release-linux-x86_64, r-release-macos-arm64, r-release-macos-x86_64, r-release-windows-x86_64, r-oldrel-macos-arm64, r-oldrel-macos-x86_64, r-oldrel-windows-x86_64