Last updated on 2025-02-21 02:52:05 CET.
Flavor | Version | Tinstall | Tcheck | Ttotal | Status | Flags |
---|---|---|---|---|---|---|
r-devel-linux-x86_64-debian-clang | 0.6.0 | 2.65 | 29.31 | 31.96 | OK | |
r-devel-linux-x86_64-debian-gcc | 0.6.0 | 2.01 | 23.07 | 25.08 | OK | |
r-devel-linux-x86_64-fedora-clang | 0.6.0 | 51.51 | OK | |||
r-devel-linux-x86_64-fedora-gcc | 0.6.0 | 63.06 | OK | |||
r-devel-macos-arm64 | 0.6.0 | 25.00 | OK | |||
r-devel-macos-x86_64 | 0.6.0 | 47.00 | OK | |||
r-devel-windows-x86_64 | 0.6.0 | 4.00 | 55.00 | 59.00 | OK | |
r-patched-linux-x86_64 | 0.6.0 | 2.26 | 27.70 | 29.96 | NOTE | |
r-release-linux-x86_64 | 0.6.0 | 2.40 | 28.13 | 30.53 | NOTE | |
r-release-macos-arm64 | 0.6.0 | 25.00 | NOTE | |||
r-release-macos-x86_64 | 0.6.0 | 41.00 | NOTE | |||
r-release-windows-x86_64 | 0.6.0 | 4.00 | 49.00 | 53.00 | NOTE | |
r-oldrel-macos-arm64 | 0.6.0 | 26.00 | NOTE | |||
r-oldrel-macos-x86_64 | 0.6.0 | 36.00 | NOTE | |||
r-oldrel-windows-x86_64 | 0.6.0 | 4.00 | 59.00 | 63.00 | NOTE |
Version: 0.6.0
Check: LazyData
Result: NOTE
'LazyData' is specified without a 'data' directory
Flavors: r-patched-linux-x86_64, r-release-linux-x86_64, r-release-macos-arm64, r-release-macos-x86_64, r-release-windows-x86_64, r-oldrel-macos-arm64, r-oldrel-macos-x86_64, r-oldrel-windows-x86_64