Last updated on 2024-05-21 02:54:18 CEST.
Flavor | Version | Tinstall | Tcheck | Ttotal | Status | Flags |
---|---|---|---|---|---|---|
r-devel-linux-x86_64-debian-clang | 1.0 | 158.80 | 97.78 | 256.58 | OK | |
r-devel-linux-x86_64-debian-gcc | 1.0 | 123.23 | 79.70 | 202.93 | OK | |
r-devel-linux-x86_64-fedora-clang | 1.0 | 369.11 | NOTE | |||
r-devel-linux-x86_64-fedora-gcc | 1.0 | 354.79 | OK | |||
r-devel-windows-x86_64 | 1.0 | 142.00 | 79.00 | 221.00 | NOTE | |
r-patched-linux-x86_64 | 1.0 | 163.07 | 96.09 | 259.16 | OK | |
r-release-linux-x86_64 | 1.0 | 166.08 | 96.98 | 263.06 | OK | |
r-release-macos-arm64 | 1.0 | 140.00 | NOTE | |||
r-release-windows-x86_64 | 1.0 | 136.00 | 78.00 | 214.00 | NOTE | |
r-oldrel-macos-arm64 | 1.0 | 158.00 | NOTE | |||
r-oldrel-macos-x86_64 | 1.0 | 224.00 | NOTE | |||
r-oldrel-windows-x86_64 | 1.0 | 140.00 | 91.00 | 231.00 | NOTE |
Version: 1.0
Check: installed package size
Result: NOTE
installed size is 13.7Mb
sub-directories of 1Mb or more:
R 13.6Mb
Flavors: r-devel-linux-x86_64-fedora-clang, r-devel-windows-x86_64, r-release-macos-arm64, r-release-windows-x86_64, r-oldrel-macos-arm64, r-oldrel-macos-x86_64, r-oldrel-windows-x86_64