Last updated on 2025-02-20 14:50:44 CET.
Flavor | Version | Tinstall | Tcheck | Ttotal | Status | Flags |
---|---|---|---|---|---|---|
r-devel-linux-x86_64-debian-clang | 0.4-4 | 3.61 | 36.17 | 39.78 | OK | |
r-devel-linux-x86_64-debian-gcc | 0.4-4 | 2.76 | 27.23 | 29.99 | OK | |
r-devel-linux-x86_64-fedora-clang | 0.4-4 | 62.00 | OK | |||
r-devel-linux-x86_64-fedora-gcc | 0.4-4 | 91.79 | OK | |||
r-devel-macos-arm64 | 0.4-4 | 41.00 | OK | |||
r-devel-macos-x86_64 | 0.4-4 | 92.00 | OK | |||
r-devel-windows-x86_64 | 0.4-4 | 5.00 | 62.00 | 67.00 | OK | |
r-patched-linux-x86_64 | 0.4-4 | 2.90 | 34.19 | 37.09 | OK | |
r-release-linux-x86_64 | 0.4-4 | 3.61 | 33.74 | 37.35 | OK | |
r-release-macos-arm64 | 0.4-4 | 37.00 | OK | |||
r-release-macos-x86_64 | 0.4-4 | 70.00 | OK | |||
r-release-windows-x86_64 | 0.4-4 | 5.00 | 3.00 | 8.00 | FAIL | |
r-oldrel-macos-arm64 | 0.4-4 | 42.00 | OK | |||
r-oldrel-macos-x86_64 | 0.4-4 | 65.00 | OK | |||
r-oldrel-windows-x86_64 | 0.4-4 | 6.00 | 71.00 | 77.00 | OK |
Version: 0.4-4
Check: package dependencies
Result: FAIL
Flavor: r-release-windows-x86_64