Last updated on 2025-02-20 14:50:44 CET.
Flavor | Version | Tinstall | Tcheck | Ttotal | Status | Flags |
---|---|---|---|---|---|---|
r-devel-linux-x86_64-debian-clang | 1.1 | 25.57 | 24.14 | 49.71 | NOTE | |
r-devel-linux-x86_64-debian-gcc | 1.1 | 17.82 | 19.50 | 37.32 | NOTE | |
r-devel-linux-x86_64-fedora-clang | 1.1 | 87.87 | NOTE | |||
r-devel-linux-x86_64-fedora-gcc | 1.1 | 92.17 | NOTE | |||
r-devel-macos-arm64 | 1.1 | 28.00 | NOTE | |||
r-devel-macos-x86_64 | 1.1 | 44.00 | NOTE | |||
r-devel-windows-x86_64 | 1.1 | 26.00 | 67.00 | 93.00 | NOTE | |
r-patched-linux-x86_64 | 1.1 | 24.83 | 23.96 | 48.79 | NOTE | |
r-release-linux-x86_64 | 1.1 | 24.19 | 23.76 | 47.95 | NOTE | |
r-release-macos-arm64 | 1.1 | 28.00 | NOTE | |||
r-release-macos-x86_64 | 1.1 | 46.00 | NOTE | |||
r-release-windows-x86_64 | 1.1 | 28.00 | 65.00 | 93.00 | NOTE | |
r-oldrel-macos-arm64 | 1.1 | 29.00 | NOTE | |||
r-oldrel-macos-x86_64 | 1.1 | 47.00 | NOTE | |||
r-oldrel-windows-x86_64 | 1.1 | 34.00 | 93.00 | 127.00 | NOTE |
Version: 1.1
Check: C++ specification
Result: NOTE
Specified C++11: please drop specification unless essential
Flavors: r-devel-linux-x86_64-debian-clang, r-devel-linux-x86_64-debian-gcc, r-devel-linux-x86_64-fedora-clang, r-devel-linux-x86_64-fedora-gcc, r-devel-macos-arm64, r-devel-macos-x86_64, r-devel-windows-x86_64, r-patched-linux-x86_64, r-release-linux-x86_64, r-release-macos-arm64, r-release-macos-x86_64, r-release-windows-x86_64, r-oldrel-macos-arm64, r-oldrel-macos-x86_64, r-oldrel-windows-x86_64