Last updated on 2025-02-18 02:50:30 CET.
Flavor | Version | Tinstall | Tcheck | Ttotal | Status | Flags |
---|---|---|---|---|---|---|
r-devel-linux-x86_64-debian-clang | 5.0 | 15.75 | 125.14 | 140.89 | NOTE | |
r-devel-linux-x86_64-debian-gcc | 5.0 | 11.81 | 87.80 | 99.61 | NOTE | |
r-devel-linux-x86_64-fedora-clang | 5.0 | 224.00 | OK | |||
r-devel-linux-x86_64-fedora-gcc | 5.0 | 227.68 | OK | |||
r-devel-macos-arm64 | 5.0 | 66.00 | OK | |||
r-devel-macos-x86_64 | 5.0 | 110.00 | OK | |||
r-devel-windows-x86_64 | 5.0 | 16.00 | 125.00 | 141.00 | NOTE | |
r-patched-linux-x86_64 | 5.0 | 15.30 | 115.15 | 130.45 | OK | |
r-release-linux-x86_64 | 5.0 | 15.85 | 115.95 | 131.80 | OK | |
r-release-macos-arm64 | 5.0 | 60.00 | OK | |||
r-release-macos-x86_64 | 5.0 | 83.00 | OK | |||
r-release-windows-x86_64 | 5.0 | 17.00 | 126.00 | 143.00 | OK | |
r-oldrel-macos-arm64 | 5.0 | 59.00 | OK | |||
r-oldrel-macos-x86_64 | 5.0 | 130.00 | OK | |||
r-oldrel-windows-x86_64 | 5.0 | 22.00 | 167.00 | 189.00 | OK |
Version: 5.0
Check: Rd cross-references
Result: NOTE
Found the following Rd file(s) with Rd \link{} targets missing package
anchors:
autoprune.rd: rpart
Please provide package anchors for all Rd \link{} targets not in the
package itself and the base packages.
Flavors: r-devel-linux-x86_64-debian-clang, r-devel-linux-x86_64-debian-gcc, r-devel-windows-x86_64