Last updated on 2025-02-21 02:52:05 CET.
Flavor | Version | Tinstall | Tcheck | Ttotal | Status | Flags |
---|---|---|---|---|---|---|
r-devel-linux-x86_64-debian-clang | 1.0.0 | 7.09 | 85.75 | 92.84 | NOTE | |
r-devel-linux-x86_64-debian-gcc | 1.0.0 | 5.39 | 60.32 | 65.71 | NOTE | |
r-devel-linux-x86_64-fedora-clang | 1.0.0 | 144.72 | NOTE | |||
r-devel-linux-x86_64-fedora-gcc | 1.0.0 | 162.45 | NOTE | |||
r-devel-macos-arm64 | 1.0.0 | 53.00 | OK | |||
r-devel-macos-x86_64 | 1.0.0 | 102.00 | NOTE | |||
r-devel-windows-x86_64 | 1.0.0 | 9.00 | 106.00 | 115.00 | NOTE | |
r-patched-linux-x86_64 | 1.0.0 | 7.69 | 79.80 | 87.49 | OK | |
r-release-linux-x86_64 | 1.0.0 | 6.80 | 79.63 | 86.43 | OK | |
r-release-macos-arm64 | 1.0.0 | 48.00 | OK | |||
r-release-macos-x86_64 | 1.0.0 | 101.00 | OK | |||
r-release-windows-x86_64 | 1.0.0 | 9.00 | 92.00 | 101.00 | OK | |
r-oldrel-macos-arm64 | 1.0.0 | 52.00 | OK | |||
r-oldrel-macos-x86_64 | 1.0.0 | 111.00 | OK | |||
r-oldrel-windows-x86_64 | 1.0.0 | 11.00 | 129.00 | 140.00 | OK |
Version: 1.0.0
Check: DESCRIPTION meta-information
Result: NOTE
Missing dependency on R >= 4.1.0 because package code uses the pipe
|> or function shorthand \(...) syntax added in R 4.1.0.
File(s) using such syntax:
‘factorial_plan.R’ ‘stats.R’
Flavors: r-devel-linux-x86_64-debian-clang, r-devel-linux-x86_64-debian-gcc, r-devel-linux-x86_64-fedora-clang, r-devel-linux-x86_64-fedora-gcc, r-devel-macos-x86_64, r-devel-windows-x86_64