CRAN Package Check Results for Package addinsJoaoMelo

Last updated on 2025-05-29 02:50:43 CEST.

Flavor Version Tinstall Tcheck Ttotal Status Flags
r-devel-linux-x86_64-debian-clang 0.1.0 1.51 17.89 19.40 OK
r-devel-linux-x86_64-debian-gcc 0.1.0 1.35 14.84 16.19 OK
r-devel-linux-x86_64-fedora-clang 0.1.0 30.37 OK
r-devel-linux-x86_64-fedora-gcc 0.1.0 29.10 OK
r-devel-windows-x86_64 0.1.0 4.00 44.00 48.00 OK
r-patched-linux-x86_64 0.1.0 1.82 17.57 19.39 OK
r-release-linux-x86_64 0.1.0 1.67 17.17 18.84 OK
r-release-macos-arm64 0.1.0 19.00 OK
r-release-macos-x86_64 0.1.0 24.00 OK
r-release-windows-x86_64 0.1.0 4.00 49.00 53.00 OK
r-oldrel-macos-arm64 0.1.0 16.00 NOTE
r-oldrel-macos-x86_64 0.1.0 23.00 NOTE
r-oldrel-windows-x86_64 0.1.0 4.00 49.00 53.00 NOTE

Check Details

Version: 0.1.0
Check: LazyData
Result: NOTE 'LazyData' is specified without a 'data' directory Flavors: r-oldrel-macos-arm64, r-oldrel-macos-x86_64, r-oldrel-windows-x86_64