Last updated on 2025-02-20 14:50:44 CET.
Flavor | Version | Tinstall | Tcheck | Ttotal | Status | Flags |
---|---|---|---|---|---|---|
r-devel-linux-x86_64-debian-clang | 0.4.22 | 11.19 | 81.98 | 93.17 | OK | |
r-devel-linux-x86_64-debian-gcc | 0.4.22 | 7.79 | 57.65 | 65.44 | OK | |
r-devel-linux-x86_64-fedora-clang | 0.4.22 | 149.98 | OK | |||
r-devel-linux-x86_64-fedora-gcc | 0.4.22 | 165.24 | OK | |||
r-devel-macos-arm64 | 0.4.22 | 56.00 | OK | |||
r-devel-macos-x86_64 | 0.4.22 | 139.00 | OK | |||
r-devel-windows-x86_64 | 0.4.22 | 15.00 | 113.00 | 128.00 | OK | |
r-patched-linux-x86_64 | 0.4.22 | 14.26 | 77.65 | 91.91 | OK | |
r-release-linux-x86_64 | 0.4.22 | 11.23 | 77.53 | 88.76 | OK | |
r-release-macos-arm64 | 0.4.22 | 53.00 | OK | |||
r-release-macos-x86_64 | 0.4.22 | 121.00 | OK | |||
r-release-windows-x86_64 | 0.4.22 | 15.00 | 3.00 | 18.00 | FAIL | |
r-oldrel-macos-arm64 | 0.4.22 | 64.00 | OK | |||
r-oldrel-macos-x86_64 | 0.4.22 | 128.00 | OK | |||
r-oldrel-windows-x86_64 | 0.4.22 | 19.00 | 124.00 | 143.00 | OK |
Version: 0.4.22
Check: package dependencies
Result: FAIL
Flavor: r-release-windows-x86_64