CRAN Package Check Results for Package adehabitatHS

Last updated on 2025-02-20 14:50:44 CET.

Flavor Version Tinstall Tcheck Ttotal Status Flags
r-devel-linux-x86_64-debian-clang 0.3.18 13.06 79.80 92.86 OK
r-devel-linux-x86_64-debian-gcc 0.3.18 8.94 58.15 67.09 OK
r-devel-linux-x86_64-fedora-clang 0.3.18 145.50 OK
r-devel-linux-x86_64-fedora-gcc 0.3.18 160.04 OK
r-devel-macos-arm64 0.3.18 56.00 OK
r-devel-macos-x86_64 0.3.18 127.00 OK
r-devel-windows-x86_64 0.3.18 16.00 118.00 134.00 OK
r-patched-linux-x86_64 0.3.18 11.84 76.24 88.08 OK
r-release-linux-x86_64 0.3.18 11.29 76.22 87.51 OK
r-release-macos-arm64 0.3.18 54.00 OK
r-release-macos-x86_64 0.3.18 112.00 OK
r-release-windows-x86_64 0.3.18 17.00 3.00 20.00 FAIL
r-oldrel-macos-arm64 0.3.18 59.00 OK
r-oldrel-macos-x86_64 0.3.18 109.00 OK
r-oldrel-windows-x86_64 0.3.18 18.00 129.00 147.00 OK

Check Details

Version: 0.3.18
Check: package dependencies
Result: FAIL
Flavor: r-release-windows-x86_64