Last updated on 2025-02-21 02:52:05 CET.
Flavor | Version | Tinstall | Tcheck | Ttotal | Status | Flags |
---|---|---|---|---|---|---|
r-devel-linux-x86_64-debian-clang | 1.0.6 | 426.52 | 323.02 | 749.54 | OK | |
r-devel-linux-x86_64-debian-gcc | 1.0.6 | 357.44 | 227.92 | 585.36 | OK | |
r-devel-linux-x86_64-fedora-clang | 1.0.6 | 1347.97 | OK | |||
r-devel-linux-x86_64-fedora-gcc | 1.0.6 | 1427.13 | OK | |||
r-devel-macos-arm64 | 1.0.2 | 226.00 | OK | |||
r-devel-macos-x86_64 | 1.0.6 | 422.00 | OK | |||
r-devel-windows-x86_64 | 1.0.6 | 258.00 | 328.00 | 586.00 | OK | |
r-patched-linux-x86_64 | 1.0.6 | 475.88 | 334.24 | 810.12 | OK | |
r-release-linux-x86_64 | 1.0.6 | 482.50 | 335.19 | 817.69 | OK | |
r-release-macos-arm64 | 1.0.2 | 226.00 | NOTE | |||
r-release-macos-x86_64 | 1.0.6 | 564.00 | NOTE | |||
r-release-windows-x86_64 | 1.0.6 | 397.00 | 330.00 | 727.00 | NOTE | |
r-oldrel-macos-arm64 | 1.0.2 | 228.00 | NOTE | |||
r-oldrel-macos-x86_64 | 1.0.6 | 555.00 | NOTE | |||
r-oldrel-windows-x86_64 | 1.0.6 | 496.00 | 448.00 | 944.00 | NOTE |
Version: 1.0.2
Check: installed package size
Result: NOTE
installed size is 151.9Mb
sub-directories of 1Mb or more:
adelie 1.2Mb
libs 149.6Mb
Flavors: r-release-macos-arm64, r-oldrel-macos-arm64
Version: 1.0.6
Check: installed package size
Result: NOTE
installed size is 209.4Mb
sub-directories of 1Mb or more:
adelie 1.9Mb
doc 1.4Mb
libs 205.8Mb
Flavors: r-release-macos-x86_64, r-release-windows-x86_64, r-oldrel-macos-x86_64, r-oldrel-windows-x86_64